000
CDUS45 KABQ 210832
CLIROW


CLIMATE REPORT
NATIONAL WEATHER SERVICE ALBUQUERQUE NM
230 AM MDT TUE APR 21 2015


...................................

...THE ROSWELL NM CLIMATE SUMMARY FOR APRIL 20 2015...

CLIMATE NORMAL PERIOD 1981 TO 2010
CLIMATE RECORD PERIOD 1893 TO 2015


WEATHER ITEM   OBSERVED TIME   RECORD YEAR NORMAL DEPARTURE
                VALUE   (LST)  VALUE       VALUE  FROM
                                                  NORMAL
...............................................................
TEMPERATURE (F)
 YESTERDAY
  MAXIMUM         74    341 PM  94    1989  78     -4
  MINIMUM         42    536 AM  27    1893  46     -4
  AVERAGE         58                        62     -4

PRECIPITATION (IN)
  YESTERDAY        0.00          0.69 1913   0.02  -0.02
  MONTH TO DATE    1.72                      0.35   1.37
  SINCE MAR 1      2.01                      0.86   1.15
  SINCE JAN 1      3.92                      1.66   2.26

SNOWFALL (IN)
  YESTERDAY        0.0
  MONTH TO DATE    0.0
  SINCE MAR 1      T
  SINCE JUL 1     16.2

DEGREE DAYS
 HEATING
  YESTERDAY        7                         4      3
  MONTH TO DATE   91                       130    -39
  SINCE MAR 1    449                       517    -68
  SINCE JUL 1   3166                      3224    -58

 COOLING
  YESTERDAY        0                         1     -1
  MONTH TO DATE   13                        15     -2
  SINCE MAR 1     16                        18     -2
  SINCE JAN 1     16                        18     -2
...............................................................


WIND (MPH)
  HIGHEST WIND SPEED    23   HIGHEST WIND DIRECTION    SE (150)
  HIGHEST GUST SPEED    30   HIGHEST GUST DIRECTION    SE (150)
  AVERAGE WIND SPEED    11.3


SKY COVER
  AVERAGE SKY COVER 0.0


WEATHER CONDITIONS
 THE FOLLOWING WEATHER WAS RECORDED YESTERDAY.
  NO SIGNIFICANT WEATHER WAS OBSERVED.


RELATIVE HUMIDITY (PERCENT)
 HIGHEST    82           500 AM
 LOWEST     25           400 PM
 AVERAGE    54

..........................................................


THE ROSWELL NM CLIMATE NORMALS FOR TODAY
                         NORMAL    RECORD    YEAR
 MAXIMUM TEMPERATURE (F)   78        99      1989
 MINIMUM TEMPERATURE (F)   46        32      1907
                                             1899


SUNRISE AND SUNSET
APRIL 21 2015.........SUNRISE   621 AM MDT   SUNSET   733 PM MDT
APRIL 22 2015.........SUNRISE   620 AM MDT   SUNSET   734 PM MDT


-  INDICATES NEGATIVE NUMBERS.
R  INDICATES RECORD WAS SET OR TIED.
MM INDICATES DATA IS MISSING.
T  INDICATES TRACE AMOUNT.

$$
