000
CDUS46 KSTO 210040
CLISAC

CLIMATE REPORT
NATIONAL WEATHER SERVICE SACRAMENTO, CA
539 PM PDT MON APR 20 2015


...................................

...THE SACRAMENTO EXEC. AIRPORT CA CLIMATE SUMMARY FOR APRIL 20 2015...
VALID TODAY AS OF 0500 PM LOCAL TIME.

CLIMATE NORMAL PERIOD 1981 TO 2010
CLIMATE RECORD PERIOD 1930 TO 2015


WEATHER ITEM   OBSERVED TIME   RECORD YEAR NORMAL DEPARTURE LAST
                VALUE   (LST)  VALUE       VALUE  FROM      YEAR
                                                  NORMAL
..................................................................
TEMPERATURE (F)
 TODAY
  MAXIMUM         78    325 PM  93    2009  72      6       85
  MINIMUM         52    511 AM  34    2008  47      5       49
  AVERAGE         65

PRECIPITATION (IN)
  TODAY            0.00          0.74 2001   0.03  -0.03     0.00
  MONTH TO DATE    1.04                      0.84   0.20     1.38
  SINCE OCT 1     14.46                     16.98  -2.52     8.75
  SINCE JAN 1      4.08                     10.70  -6.62     7.44

SNOWFALL (IN)
  TODAY            0.0          MM      MM   0.0             0.0
  MONTH TO DATE    0.0                       0.0             0.0
  SINCE MAR 1      0.0                       0.0             0.0
  SINCE JUL 1      0.0                       0.0             0.0

DEGREE DAYS
 HEATING
  TODAY            0

 COOLING
  TODAY            0
..................................................................


WIND (MPH)
  RESULTANT WIND SPEED   5   RESULTANT WIND DIRECTION   S (190)
  HIGHEST WIND SPEED    15   HIGHEST WIND DIRECTION    NW (310)
  HIGHEST GUST SPEED    18   HIGHEST GUST DIRECTION    NW (320)


SKY COVER
  POSSIBLE SUNSHINE  MM
  AVERAGE SKY COVER 0.0


WEATHER CONDITIONS
 THE FOLLOWING WEATHER WAS RECORDED TODAY.
  NO SIGNIFICANT WEATHER WAS OBSERVED.


RELATIVE HUMIDITY (PERCENT)
 HIGHEST    89
 LOWEST     45
 AVERAGE    67

..........................................................


THE SACRAMENTO EXEC. AIRPORT CA CLIMATE NORMALS FOR TOMORROW
                         NORMAL    RECORD    YEAR
 MAXIMUM TEMPERATURE (F)   73        94      2009
 MINIMUM TEMPERATURE (F)   47        34      1963


SUNRISE AND SUNSET
APRIL 20 2015.........SUNRISE   623 AM PDT   SUNSET   747 PM PDT
APRIL 21 2015.........SUNRISE   622 AM PDT   SUNSET   748 PM PDT


-  INDICATES NEGATIVE NUMBERS.
R  INDICATES RECORD WAS SET OR TIED.
MM INDICATES DATA IS MISSING.
T  INDICATES TRACE AMOUNT.

&&
....................................................................

SACRAMENTO CITY CLIMATE DATA FOR MONDAY APRIL 20 2015

HIGH...   81  RECORD HIGH    94 IN 2009    NORMAL    HIGH   74
LOW....   52  RECORD LOW     38 IN 1904    NORMAL    LOW    50

RAIN SINCE MIDNIGHT....  0.00   RECORD THIS DATE....... 5.28 IN 1880
TOTAL THIS MONTH.......  0.86   NORMAL SINCE OCT 1ST.........  18.58
TOTAL SINCE OCT 1ST...  12.59   PERCENT OF NORMAL.............  68%


$$
NNNN
