000
CDUS44 KEWX 070742
CLISAT


CLIMATE REPORT
NATIONAL WEATHER SERVICE AUSTIN/SAN ANTONIO, TX
242 AM CDT THU MAY 7 2015


...................................

...THE SAN ANTONIO CLIMATE SUMMARY FOR MAY 6 2015...

CLIMATE NORMAL PERIOD 1981 TO 2010
CLIMATE RECORD PERIOD 1886 TO 2015


WEATHER ITEM   OBSERVED TIME   RECORD YEAR NORMAL DEPARTURE LAST
                VALUE   (LST)  VALUE       VALUE  FROM      YEAR
                                                  NORMAL
..................................................................
TEMPERATURE (F)
 YESTERDAY
  MAXIMUM         85    410 PM  99    1984  85      0       90
  MINIMUM         72    559 AM  47    1970  64      8       66
  AVERAGE         79                        74      5       78

PRECIPITATION (IN)
  YESTERDAY        T             3.52 1982   0.12  -0.12     0.00
  MONTH TO DATE    0.09                      0.66  -0.57     0.00
  SINCE MAR 1     10.60                      5.07   5.53     1.74
  SINCE JAN 1     14.80                      8.62   6.18     2.39

SNOWFALL (IN)
  YESTERDAY        0.0
  MONTH TO DATE    0.0
  SINCE MAR 1      0.0
  SINCE JUL 1      T
  SNOW DEPTH       0

DEGREE DAYS
 HEATING
  YESTERDAY        0                         0      0        0
  MONTH TO DATE    0                         0      0        0
  SINCE MAR 1    179                       193    -14      228
  SINCE JUL 1   1494                      1494      0     1562

 COOLING
  YESTERDAY       14                        10      4       13
  MONTH TO DATE   51                        54     -3       51
  SINCE MAR 1    322                       287     35      348
  SINCE JAN 1    335                       313     22      413
..................................................................


WIND (MPH)
  HIGHEST WIND SPEED    22   HIGHEST WIND DIRECTION    SE (150)
  HIGHEST GUST SPEED    26   HIGHEST GUST DIRECTION    SE (130)
  AVERAGE WIND SPEED    15.0


SKY COVER
  AVERAGE SKY COVER 0.9


WEATHER CONDITIONS
 THE FOLLOWING WEATHER WAS RECORDED YESTERDAY.
  LIGHT RAIN
  FOG


RELATIVE HUMIDITY (PERCENT)
 HIGHEST    87          1200 AM
 LOWEST     59           400 PM
 AVERAGE    73

..........................................................


THE SAN ANTONIO CLIMATE NORMALS FOR TODAY
                         NORMAL    RECORD    YEAR
 MAXIMUM TEMPERATURE (F)   85       100      1998
 MINIMUM TEMPERATURE (F)   65        45      1917


SUNRISE AND SUNSET
MAY  7 2015...........SUNRISE   647 AM CDT   SUNSET   814 PM CDT
MAY  8 2015...........SUNRISE   646 AM CDT   SUNSET   815 PM CDT


-  INDICATES NEGATIVE NUMBERS.
R  INDICATES RECORD WAS SET OR TIED.
MM INDICATES DATA IS MISSING.
T  INDICATES TRACE AMOUNT.




$$
