000
CDUS41 KAKQ 180550
CLISBY


CLIMATE REPORT
NATIONAL WEATHER SERVICE WAKEFIELD, VA
150 AM EDT SAT APR 18 2015


...................................

...THE SALISBURY MD CLIMATE SUMMARY FOR APRIL 17 2015...

CLIMATE NORMAL PERIOD 1981 TO 2010
CLIMATE RECORD PERIOD 1900 TO 2015


WEATHER ITEM   OBSERVED TIME   RECORD YEAR NORMAL DEPARTURE LAST
                VALUE   (LST)  VALUE       VALUE  FROM      YEAR
                                                  NORMAL
..................................................................
TEMPERATURE (F)
 YESTERDAY
  MAXIMUM         75    259 PM  92    2002  66      9       53
  MINIMUM         52   1229 AM  26    2008  44      8       34
  AVERAGE         64                        54     10       44

PRECIPITATION (IN)
  YESTERDAY        T             2.57 1910   0.11  -0.11     0.00
  MONTH TO DATE    1.79                      2.17  -0.38     2.71
  SINCE MAR 1      5.86                      6.59  -0.73     7.31
  SINCE JAN 1     13.58                     13.55   0.03    14.53

SNOWFALL (IN)
  YESTERDAY        0.0           T    1935   0.0    0.0
  MONTH TO DATE    0.0                       0.2   -0.2
  SINCE NOV 1     15.7                       9.3    6.4
  SINCE JUL 1     15.7                       9.3    6.4
  SNOW DEPTH       0

DEGREE DAYS
 HEATING
  YESTERDAY        1                        11    -10       21
  MONTH TO DATE  191                       225    -34      165
  SINCE MAR 1    860                       855      5      854
  SINCE JUL 1   4073                      4160    -87     3994

 COOLING
  YESTERDAY        0                         1     -1        0
  MONTH TO DATE    2                         4     -2       14
  SINCE MAR 1      2                         6     -4       14
  SINCE JAN 1      2                         6     -4       14
..................................................................


WIND (MPH)
  HIGHEST WIND SPEED    21   HIGHEST WIND DIRECTION     S (200)
  HIGHEST GUST SPEED    24   HIGHEST GUST DIRECTION     S (200)
  AVERAGE WIND SPEED     7.0


SKY COVER
  POSSIBLE SUNSHINE  MM
  AVERAGE SKY COVER 0.7


WEATHER CONDITIONS
 THE FOLLOWING WEATHER WAS RECORDED YESTERDAY.
  LIGHT RAIN


RELATIVE HUMIDITY (PERCENT)
 HIGHEST    97          1100 PM
 LOWEST     61           200 PM
 AVERAGE    79

..........................................................


THE SALISBURY MD CLIMATE NORMALS FOR TODAY
                         NORMAL    RECORD    YEAR
 MAXIMUM TEMPERATURE (F)   66        90      1976
 MINIMUM TEMPERATURE (F)   44        26      1928


SUNRISE AND SUNSET
APRIL 18 2015.........SUNRISE   622 AM EDT   SUNSET   741 PM EDT
APRIL 19 2015.........SUNRISE   621 AM EDT   SUNSET   742 PM EDT


-  INDICATES NEGATIVE NUMBERS.
R  INDICATES RECORD WAS SET OR TIED.
MM INDICATES DATA IS MISSING.
T  INDICATES TRACE AMOUNT.




$$
