000
CDUS46 KLOX 030900
CLISDB


CLIMATE REPORT
NATIONAL WEATHER SERVICE LOS ANGELES/OXNARD CA
200 AM PDT SUN MAY 3 2015


...................................

...THE SANDBERG CA CLIMATE SUMMARY FOR MAY 2 2015...

CLIMATE NORMAL PERIOD 1981 TO 2010
CLIMATE RECORD PERIOD 1934 TO 2015


WEATHER ITEM   OBSERVED TIME   RECORD YEAR NORMAL DEPARTURE LAST
                VALUE   (LST)  VALUE       VALUE  FROM      YEAR
                                                  NORMAL
..................................................................
TEMPERATURE (F)
 YESTERDAY
  MAXIMUM         79    158 PM  87    1947  63     16       83
  MINIMUM         58    510 AM  26    1964  46     12       62
  AVERAGE         69                        54     15       73

PRECIPITATION (IN)
  YESTERDAY        0.00          0.49 1998   0.02  -0.02     0.00
  MONTH TO DATE    0.00                      0.05  -0.05     0.00
  SINCE OCT 1      7.02                     11.69  -4.67     4.28
  SINCE JAN 1      2.12                      8.06  -5.94     3.58

DEGREE DAYS
 HEATING
  YESTERDAY        0                        11    -11        0
  MONTH TO DATE    0                        22    -22        0
  SINCE MAR 1    506                      1038   -532      608
  SINCE JUL 1   2137                      3797  -1660     2393

 COOLING
  YESTERDAY        4                         0      4        8
  MONTH TO DATE    8                         0      8       12
  SINCE MAR 1     63                         8     55       36
  SINCE JAN 1     66                         8     58       43
..................................................................


WIND (MPH)
  HIGHEST WIND SPEED    25   HIGHEST WIND DIRECTION    SW (220)
  HIGHEST GUST SPEED    33   HIGHEST GUST DIRECTION    SW (230)
  AVERAGE WIND SPEED    11.8


SKY COVER
  POSSIBLE SUNSHINE  MM
  AVERAGE SKY COVER 0.0


WEATHER CONDITIONS
 THE FOLLOWING WEATHER WAS RECORDED YESTERDAY.
  NO SIGNIFICANT WEATHER WAS OBSERVED.


RELATIVE HUMIDITY (PERCENT)
 HIGHEST    31           100 AM
 LOWEST     16          1200 PM
 AVERAGE    24

..........................................................


THE SANDBERG CA CLIMATE NORMALS FOR TODAY
                         NORMAL    RECORD    YEAR
 MAXIMUM TEMPERATURE (F)   63        99      2014
 MINIMUM TEMPERATURE (F)   46        29      1964


SUNRISE AND SUNSET
MAY  3 2015...........SUNRISE   603 AM PDT   SUNSET   741 PM PDT
MAY  4 2015...........SUNRISE   602 AM PDT   SUNSET   742 PM PDT


-  INDICATES NEGATIVE NUMBERS.
R  INDICATES RECORD WAS SET OR TIED.
MM INDICATES DATA IS MISSING.
T  INDICATES TRACE AMOUNT.




$$
