000
CDUS43 KLMK 270628
CLISDF


CLIMATE REPORT
NATIONAL WEATHER SERVICE LOUISVILLE KY
228 AM EDT MON APR 27 2015


...................................

...THE LOUISVILLE KY CLIMATE SUMMARY FOR APRIL 26 2015...

CLIMATE NORMAL PERIOD 1981 TO 2010
CLIMATE RECORD PERIOD 1871 TO 2015


WEATHER ITEM   OBSERVED TIME   RECORD YEAR NORMAL DEPARTURE LAST
                VALUE   (LST)  VALUE       VALUE  FROM      YEAR
                                                  NORMAL
..................................................................
TEMPERATURE (F)
 YESTERDAY
  MAXIMUM         65    440 PM  90    1989  72     -7       81
  MINIMUM         46    831 AM  35    1947  51     -5       49
                                      1873
  AVERAGE         56                        61     -5       65

PRECIPITATION (IN)
  YESTERDAY        0.01          2.93 1912   0.15  -0.14     0.00
  MONTH TO DATE   10.83                      3.41   7.42     4.80
  SINCE MAR 1     18.63                      7.58  11.05     7.10
  SINCE JAN 1     21.73                     14.00   7.73    13.26

SNOWFALL (IN)
  YESTERDAY        0.0           T    1989   0.0    0.0      0.0
  MONTH TO DATE    0.0                       0.1   -0.1      0.1
  SINCE MAR 1     11.9                       1.5   10.4      4.2
  SINCE JUL 1     27.6                      12.5   15.1     26.0
  SNOW DEPTH       0

DEGREE DAYS
 HEATING
  YESTERDAY        9                         5      4        0
  MONTH TO DATE  142                       226    -84      172
  SINCE MAR 1    708                       764    -56      820
  SINCE JUL 1   4328                      4005    323     4474

 COOLING
  YESTERDAY        0                         2     -2        0
  MONTH TO DATE   41                        33      8       24
  SINCE MAR 1     42                        39      3       24
  SINCE JAN 1     42                        39      3       24
..................................................................


WIND (MPH)
  HIGHEST WIND SPEED    20   HIGHEST WIND DIRECTION     N (350)
  HIGHEST GUST SPEED    29   HIGHEST GUST DIRECTION    NE (60)
  AVERAGE WIND SPEED    11.0


SKY COVER
  POSSIBLE SUNSHINE  MM
  AVERAGE SKY COVER 0.4


WEATHER CONDITIONS
 THE FOLLOWING WEATHER WAS RECORDED YESTERDAY.
  LIGHT RAIN
  FOG


RELATIVE HUMIDITY (PERCENT)
 HIGHEST    93           100 AM
 LOWEST     34           300 PM
 AVERAGE    64

..........................................................


THE LOUISVILLE KY CLIMATE NORMALS FOR TODAY
                         NORMAL    RECORD    YEAR
 MAXIMUM TEMPERATURE (F)   72        88      1986
                                             1899
 MINIMUM TEMPERATURE (F)   51        34      1996
                                             1976


SUNRISE AND SUNSET
APRIL 27 2015.........SUNRISE   652 AM EDT   SUNSET   830 PM EDT
APRIL 28 2015.........SUNRISE   650 AM EDT   SUNSET   831 PM EDT


-  INDICATES NEGATIVE NUMBERS.
R  INDICATES RECORD WAS SET OR TIED.
MM INDICATES DATA IS MISSING.
T  INDICATES TRACE AMOUNT.




$$
