000
CDUS45 KBYZ 062227
CLISHR


CLIMATE REPORT
NATIONAL WEATHER SERVICE BILLINGS MT
424 PM MDT WED MAY 6 2015


...................................

...THE SHERIDAN WY CLIMATE SUMMARY FOR MAY 6 2015...
VALID TODAY AS OF 0400 PM LOCAL TIME.

CLIMATE NORMAL PERIOD 1981 TO 2010
CLIMATE RECORD PERIOD 1907 TO 2015


WEATHER ITEM   OBSERVED TIME   RECORD YEAR NORMAL DEPARTURE LAST
                VALUE   (LST)  VALUE       VALUE  FROM      YEAR
                                                  NORMAL
..................................................................
TEMPERATURE (F)
 TODAY
  MAXIMUM         55    251 AM  87    1928  64     -9       57
  MINIMUM         43   1143 AM  24    1909  35      8       39
  AVERAGE         49                        50     -1       48

PRECIPITATION (IN)
  TODAY            0.13          1.16        0.07   0.06     0.63
  MONTH TO DATE    0.15                      0.44  -0.29     0.63
  SINCE OCT 1      6.10                      6.80  -0.70     9.47
  SINCE JAN 1      3.71                      4.12  -0.41     5.71

DEGREE DAYS
 HEATING
  TODAY           16                        16      0       17
  MONTH TO DATE   64                        98    -34       92
  SINCE MAR 1   1383                      1664   -281     1709
  SINCE JUL 1   6613                      7199   -586     7459

 COOLING
  TODAY            0                         0      0        0
  MONTH TO DATE    0                         0      0        0
  SINCE MAR 1      0                         0      0        0
  SINCE JAN 1      0                         0      0        0
..................................................................


WIND (MPH)
  HIGHEST WIND SPEED    33   HIGHEST WIND DIRECTION    NW (310)
  HIGHEST GUST SPEED    41   HIGHEST GUST DIRECTION    NW (300)
  AVERAGE WIND SPEED    16.8


SKY COVER
  POSSIBLE SUNSHINE  MM
  AVERAGE SKY COVER 0.8


WEATHER CONDITIONS
 THE FOLLOWING WEATHER WAS RECORDED TODAY.
  RAIN
  LIGHT RAIN
  FOG


RELATIVE HUMIDITY (PERCENT)
 HIGHEST    93           900 AM
 LOWEST     61          1200 AM
 AVERAGE    77

..........................................................


THE SHERIDAN WY CLIMATE NORMALS FOR TOMORROW
                         NORMAL    RECORD    YEAR
 MAXIMUM TEMPERATURE (F)   64        92      1934
 MINIMUM TEMPERATURE (F)   36        23      2010


SUNRISE AND SUNSET
MAY  6 2015...........SUNRISE   551 AM MDT   SUNSET   819 PM MDT
MAY  7 2015...........SUNRISE   550 AM MDT   SUNSET   820 PM MDT


-  INDICATES NEGATIVE NUMBERS.
R  INDICATES RECORD WAS SET OR TIED.
MM INDICATES DATA IS MISSING.
T  INDICATES TRACE AMOUNT.




$$
