000
CDUS46 KMTR 280026
CLISJC


CLIMATE REPORT
NATIONAL WEATHER SERVICE SAN FRANCISCO BAY AREA
526 PM PDT MON APR 27 2015


...................................

...THE SAN JOSE CA CLIMATE SUMMARY FOR APRIL 27 2015...
VALID TODAY AS OF 0500 PM LOCAL TIME.

CLIMATE NORMAL PERIOD 1981 TO 2010
CLIMATE RECORD PERIOD 1893 TO 2015


WEATHER ITEM   OBSERVED TIME   RECORD YEAR NORMAL DEPARTURE LAST
                VALUE   (LST)  VALUE       VALUE  FROM      YEAR
                                                  NORMAL
..................................................................
TEMPERATURE (F)
 TODAY
  MAXIMUM         84    327 PM  92    2004  72     12       67
  MINIMUM         52    451 AM  33    1896  50      2       51
  AVERAGE         68                        61      7       59

PRECIPITATION (IN)
  TODAY            0.00          0.85 1895   0.02  -0.02     0.00
  MONTH TO DATE    0.88                      0.99  -0.11     0.66
  SINCE OCT 1     12.76                     14.12  -1.36     5.68
  SINCE JAN 1      2.81                      9.34  -6.53     4.78

SNOWFALL (IN)
  TODAY            0.0           0.0  1947
  MONTH TO DATE    0.0
  SINCE MAR 1      0.0
  SINCE JUL 1      0.0

DEGREE DAYS
 HEATING
  TODAY            0                         5     -5        6
  MONTH TO DATE  149                       172    -23      131
  SINCE MAR 1    285                       427   -142      301
  SINCE JUL 1   1505                      1890   -385     1842

 COOLING
  TODAY            3                         1      2        0
  MONTH TO DATE    3                        12     -9       11
  SINCE MAR 1     17                        16      1       15
  SINCE JAN 1     17                        16      1       15
..................................................................


WIND (MPH)
  RESULTANT WIND SPEED   4   RESULTANT WIND DIRECTION  NW (310)
  HIGHEST WIND SPEED    20   HIGHEST WIND DIRECTION    NW (310)
  HIGHEST GUST SPEED    24   HIGHEST GUST DIRECTION    NW (320)
  AVERAGE WIND SPEED     4.4


SKY COVER
  POSSIBLE SUNSHINE  MM
  AVERAGE SKY COVER 0.3


WEATHER CONDITIONS
 THE FOLLOWING WEATHER WAS RECORDED TODAY.
  NO SIGNIFICANT WEATHER WAS OBSERVED.


RELATIVE HUMIDITY (PERCENT)
 HIGHEST    83           400 AM
 LOWEST     27           300 PM
 AVERAGE    55

..........................................................


THE SAN JOSE CA CLIMATE NORMALS FOR TOMORROW
                         NORMAL    RECORD    YEAR
 MAXIMUM TEMPERATURE (F)   73        91      1981
 MINIMUM TEMPERATURE (F)   50        34      1896


SUNRISE AND SUNSET
APRIL 27 2015.........SUNRISE   618 AM PDT   SUNSET   754 PM PDT
APRIL 28 2015.........SUNRISE   616 AM PDT   SUNSET   755 PM PDT


-  INDICATES NEGATIVE NUMBERS.
R  INDICATES RECORD WAS SET OR TIED.
MM INDICATES DATA IS MISSING.
T  INDICATES TRACE AMOUNT.




$$
