000
CDCA42 TJSJ 250438
CLISJU


CLIMATE REPORT
NATIONAL WEATHER SERVICE SAN JUAN, PR
1236 AM AST SAT APR 25 2015


...................................

...THE SAN JUAN AREA/PR CLIMATE SUMMARY FOR APRIL 24 2015...

CLIMATE NORMAL PERIOD 1981 TO 2010
CLIMATE RECORD PERIOD 1898 TO 2015


WEATHER ITEM   OBSERVED TIME   RECORD YEAR NORMAL DEPARTURE LAST
                VALUE   (LST)  VALUE       VALUE  FROM      YEAR
                                                  NORMAL
..................................................................
TEMPERATURE (F)
 YESTERDAY
  MAXIMUM         91    402 PM  95    1983  87      4       90
  MINIMUM         76    627 AM  65    1963  75      1       78
  AVERAGE         84                        81      3       84

PRECIPITATION (IN)
  YESTERDAY        T             3.66 1933   0.19  -0.19     0.00
  MONTH TO DATE    1.38                      3.49  -2.11     3.06
  SINCE MAR 1      2.88                      5.44  -2.56     3.57
  SINCE JAN 1     11.11                     11.59  -0.48     9.61

SNOWFALL (IN)
  YESTERDAY        0.0                       0.0    0.0      0.0
  MONTH TO DATE    0.0                       0.0    0.0      0.0
  SINCE MAR 1      0.0                       0.0    0.0      0.0
  SINCE JUL 1      0.0                       0.0    0.0      0.0

DEGREE DAYS
 HEATING
  YESTERDAY        0                         0      0        0
  MONTH TO DATE    0                         0      0        0
  SINCE MAR 1      0                         0      0        0
  SINCE JUL 1      0                         0      0        0

 COOLING
  YESTERDAY       19                        16      3       19
  MONTH TO DATE  373                       365      8      414
  SINCE MAR 1    805                       796      9      892
  SINCE JAN 1   1645                      1547     98     1780
..................................................................


WIND (MPH)
  HIGHEST WIND SPEED    16   HIGHEST WIND DIRECTION     E (70)
  HIGHEST GUST SPEED    20   HIGHEST GUST DIRECTION     E (80)
  AVERAGE WIND SPEED     4.6


SKY COVER
  AVERAGE SKY COVER 0.5


WEATHER CONDITIONS
 THE FOLLOWING WEATHER WAS RECORDED YESTERDAY.
  NO SIGNIFICANT WEATHER WAS OBSERVED.


RELATIVE HUMIDITY (PERCENT)
 HIGHEST    88
 LOWEST     47
 AVERAGE    68

..........................................................


THE SAN JUAN AREA/PR CLIMATE NORMALS FOR TODAY
                         NORMAL    RECORD    YEAR
 MAXIMUM TEMPERATURE (F)   87        93      1997
 MINIMUM TEMPERATURE (F)   75        65      1963


SUNRISE AND SUNSET
APRIL 25 2015.........SUNRISE   601 AM AST   SUNSET   644 PM AST
APRIL 26 2015.........SUNRISE   600 AM AST   SUNSET   644 PM AST


-  INDICATES NEGATIVE NUMBERS.
R  INDICATES RECORD WAS SET OR TIED.
MM INDICATES DATA IS MISSING.
T  INDICATES TRACE AMOUNT.




$$
