000
CDUS41 KCLE 040527
CLITOL


CLIMATE REPORT
NATIONAL WEATHER SERVICE CLEVELAND OH
126 AM EDT MON MAY 4 2015


...................................

...THE TOLEDO OH CLIMATE SUMMARY FOR MAY 3 2015...

CLIMATE NORMAL PERIOD 1981 TO 2010
CLIMATE RECORD PERIOD 1873 TO 2015


WEATHER ITEM   OBSERVED TIME   RECORD YEAR NORMAL DEPARTURE LAST
                VALUE   (LST)  VALUE       VALUE  FROM      YEAR
                                                  NORMAL
..................................................................
TEMPERATURE (F)
 YESTERDAY
  MAXIMUM         79    333 PM  88    2012  67     12       63
  MINIMUM         44    556 AM  28    1970  44      0       46
  AVERAGE         62                        56      6       55

PRECIPITATION (IN)
  YESTERDAY        0.00                      0.12  -0.12     0.02
  MONTH TO DATE    0.00                      0.33  -0.33     0.02
  SINCE MAR 1      4.03                      6.00  -1.97     4.72
  SINCE JAN 1      7.65                     10.12  -2.47    11.90

SNOWFALL (IN)
  YESTERDAY        0.0                       0.0    0.0      0.0
  MONTH TO DATE    0.0                       0.0    0.0      0.0
  SINCE MAR 1      5.4                       7.0   -1.6     12.8
  SINCE JUL 1     45.7                      37.5    8.2     86.3
  SNOW DEPTH       0

DEGREE DAYS
 HEATING
  YESTERDAY        3                        10     -7       10
  MONTH TO DATE   13                        30    -17       42
  SINCE MAR 1   1486                      1356    130     1641
  SINCE JUL 1   6742                      5932    810     6967

 COOLING
  YESTERDAY        0                         0      0        0
  MONTH TO DATE    0                         0      0        0
  SINCE MAR 1      0                         8     -8        2
  SINCE JAN 1      0                         8     -8        2
..................................................................


WIND (MPH)
  HIGHEST WIND SPEED    20   HIGHEST WIND DIRECTION    SW (240)
  HIGHEST GUST SPEED    28   HIGHEST GUST DIRECTION    SW (230)
  AVERAGE WIND SPEED     6.7


SKY COVER
  POSSIBLE SUNSHINE  MM
  AVERAGE SKY COVER 0.1


WEATHER CONDITIONS
 THE FOLLOWING WEATHER WAS RECORDED YESTERDAY.
  NO SIGNIFICANT WEATHER WAS OBSERVED.


RELATIVE HUMIDITY (PERCENT)
 HIGHEST    89           600 AM
 LOWEST     26           100 PM
 AVERAGE    58

..........................................................


THE TOLEDO OH CLIMATE NORMALS FOR TODAY
                         NORMAL    RECORD    YEAR
 MAXIMUM TEMPERATURE (F)   67        89      1895
 MINIMUM TEMPERATURE (F)   45        25      2005


SUNRISE AND SUNSET
MAY  4 2015...........SUNRISE   628 AM EDT   SUNSET   836 PM EDT
MAY  5 2015...........SUNRISE   627 AM EDT   SUNSET   837 PM EDT


-  INDICATES NEGATIVE NUMBERS.
R  INDICATES RECORD WAS SET OR TIED.
MM INDICATES DATA IS MISSING.
T  INDICATES TRACE AMOUNT.




$$
