000
CDUS45 KCYS 192125
CLITOR


CLIMATE REPORT
NATIONAL WEATHER SERVICE CHEYENNE WY
325 PM MDT SUN APR 19 2015


...................................

...THE TORRINGTON WY AIRPORT CLIMATE SUMMARY FOR APRIL 19 2015...
VALID AS OF 0300 PM LOCAL TIME.

CLIMATE NORMAL PERIOD 1981 TO 2010
CLIMATE RECORD PERIOD 1998 TO 2015


WEATHER ITEM   OBSERVED TIME   RECORD YEAR NORMAL DEPARTURE LAST
                VALUE   (LST)  VALUE       VALUE  FROM      YEAR
                                                  NORMAL
..................................................................
TEMPERATURE (F)
 TODAY
  MAXIMUM         50    115 PM  80    2008  63    -13       66
  MINIMUM         35    604 AM  22    2013  33      2       43
  AVERAGE         43                        48     -5       55

PRECIPITATION (IN)
  TODAY            0.00          0.08 2007   0.06  -0.06     0.00
                                      2007
                                      2012
  MONTH TO DATE    2.21                      0.92   1.29     0.53
  SINCE JAN 1      3.12                      2.27   0.85     2.13

DEGREE DAYS
 HEATING
  TODAY           22                        17      5       10
  MONTH TO DATE  339                       380    -41      382
  SINCE MAR 1    985                      1220   -235     1233
  SINCE JUL 1   5699                      6064   -365     6348

 COOLING
  TODAY            0                         0      0        0
  MONTH TO DATE    0                         0      0        0
  SINCE MAR 1      0                         0      0        0
  SINCE JAN 1      0                         0      0        0
..................................................................


WIND (MPH)
  HIGHEST WIND SPEED    29   HIGHEST WIND DIRECTION    NW (330)
  HIGHEST GUST SPEED    40   HIGHEST GUST DIRECTION    NW (330)
  AVERAGE WIND SPEED    20.6


SKY COVER
  AVERAGE SKY COVER 0.5


WEATHER CONDITIONS
 THE FOLLOWING WEATHER WAS RECORDED TODAY.
  NO SIGNIFICANT WEATHER WAS OBSERVED.


RELATIVE HUMIDITY (PERCENT)
 HIGHEST    76          1200 AM
 LOWEST     28           200 PM
 AVERAGE    52

..........................................................


THE TORRINGTON WY AIRPORT CLIMATE NORMALS FOR TOMORROW
                         NORMAL    RECORD    YEAR
 MAXIMUM TEMPERATURE (F)   63        78      2005
 MINIMUM TEMPERATURE (F)   34        25      2011


SUNRISE AND SUNSET
APRIL 19 2015.........SUNRISE   610 AM MDT   SUNSET   742 PM MDT
APRIL 20 2015.........SUNRISE   609 AM MDT   SUNSET   743 PM MDT


-  INDICATES NEGATIVE NUMBERS.
R  INDICATES RECORD WAS SET OR TIED.
MM INDICATES DATA IS MISSING.
T  INDICATES TRACE AMOUNT.




$$
