000
CDUS42 KTBW 062121
CLITPA


CLIMATE REPORT
NATIONAL WEATHER SERVICE TAMPA BAY FL
517 PM EDT WED MAY 6 2015


...................................

...THE TAMPA CLIMATE SUMMARY FOR MAY 6 2015...
VALID TODAY AS OF 0500 PM LOCAL TIME.

CLIMATE NORMAL PERIOD 1981 TO 2010
CLIMATE RECORD PERIOD 1890 TO 2015


WEATHER ITEM   OBSERVED TIME   RECORD YEAR NORMAL DEPARTURE LAST
                VALUE   (LST)  VALUE       VALUE  FROM      YEAR
                                                  NORMAL
..................................................................
TEMPERATURE (F)
 TODAY
  MAXIMUM         85   1138 AM  95    1995  85      0       87
  MINIMUM         67    532 AM  53    1970  67      0       66
  AVERAGE         76                        76      0       77

PRECIPITATION (IN)
  TODAY            0.00          2.35 1944   0.06  -0.06     0.00
  MONTH TO DATE    0.00                      0.31  -0.31     3.49
  SINCE MAR 1      5.85                      5.37   0.48     9.33
  SINCE JAN 1     14.15                     10.41   3.74    14.28

DEGREE DAYS
 HEATING
  TODAY            0                         0      0        0
  MONTH TO DATE    0                         0      0        0
  SINCE MAR 1     12                        67    -55       48
  SINCE JUL 1    467                       538    -71      444

 COOLING
  TODAY           11                        11      0       12
  MONTH TO DATE   61                        65     -4       55
  SINCE MAR 1    726                       412    314      368
  SINCE JAN 1    793                       525    268      472
..................................................................


WIND (MPH)
  RESULTANT WIND SPEED   3   RESULTANT WIND DIRECTION   N (350)
  HIGHEST WIND SPEED    14   HIGHEST WIND DIRECTION     W (270)
  HIGHEST GUST SPEED    17   HIGHEST GUST DIRECTION     W (270)
  AVERAGE WIND SPEED     7.2


SKY COVER
  POSSIBLE SUNSHINE  MM
  AVERAGE SKY COVER 0.4


WEATHER CONDITIONS
 THE FOLLOWING WEATHER WAS RECORDED TODAY.
  NO SIGNIFICANT WEATHER WAS OBSERVED.


RELATIVE HUMIDITY (PERCENT)
 HIGHEST    87           500 AM
 LOWEST     55           300 PM

..........................................................


THE TAMPA CLIMATE NORMALS FOR TOMORROW
                         NORMAL    RECORD    YEAR
 MAXIMUM TEMPERATURE (F)   86        93      1995
                                             1984
                                             1975
 MINIMUM TEMPERATURE (F)   68        56      1992


SUNRISE AND SUNSET
MAY  6 2015...........SUNRISE   647 AM EDT   SUNSET   807 PM EDT
MAY  7 2015...........SUNRISE   646 AM EDT   SUNSET   808 PM EDT


-  INDICATES NEGATIVE NUMBERS.
R  INDICATES RECORD WAS SET OR TIED.
MM INDICATES DATA IS MISSING.
T  INDICATES TRACE AMOUNT.




$$


&&
------------------------------------------------------------------
******************** SUPPLEMENTAL DATA ***************************

...RUSKIN                HIGH 88    LOW 66    PCPN 0.00
...SARASOTA/BRADENTON    HIGH 86    LOW 66    PCPN 0.00
...ST. PETERSBURG        HIGH 85    LOW 70    PCPN 0.00

...GULF WATER TEMPERATURE AT CLEARWATER BEACH 78
