000
CDUS44 KTSA 040653
CLITUL

CLIMATE REPORT
NATIONAL WEATHER SERVICE TULSA OK
147 AM CDT MON MAY 4 2015


...................................

...THE TULSA OKLAHOMA CLIMATE SUMMARY FOR MAY 3 2015...

CLIMATE NORMAL PERIOD 1981 TO 2010
CLIMATE RECORD PERIOD 1882 TO 2015


WEATHER ITEM   OBSERVED TIME   RECORD YEAR NORMAL DEPARTURE LAST
                VALUE   (LST)  VALUE       VALUE  FROM      YEAR
                                                  NORMAL
..................................................................
TEMPERATURE (F)
 YESTERDAY
  MAXIMUM         83    245 PM  96    1920  76      7       88
  MINIMUM         63    610 AM  35    2005  55      8       49
  AVERAGE         73                        66      7       69

PRECIPITATION (IN)
  YESTERDAY        0.00          2.19 1979   0.18  -0.18     0.00
  MONTH TO DATE    0.00                      0.54  -0.54     0.00
  SINCE MAR 1      7.81                      7.62   0.19     4.49
  SINCE JAN 1     10.13                     11.13  -1.00     4.94

DEGREE DAYS
 COOLING
  YESTERDAY        8                         3      5        4
  MONTH TO DATE   10                         9      1        4
  SINCE MAR 1     84                        73     11       38
  SINCE JAN 1     84                        74     10       38
..................................................................


WIND (MPH)
  HIGHEST WIND SPEED    26   HIGHEST WIND DIRECTION     S (190)
  HIGHEST GUST SPEED    32   HIGHEST GUST DIRECTION     S (180)
  AVERAGE WIND SPEED    15.2


SKY COVER
  POSSIBLE SUNSHINE  MM
  AVERAGE SKY COVER 0.7


WEATHER CONDITIONS
 THE FOLLOWING WEATHER WAS RECORDED YESTERDAY.
  NO SIGNIFICANT WEATHER WAS OBSERVED.


RELATIVE HUMIDITY (PERCENT)
 HIGHEST    72           600 AM
 LOWEST     42          1200 PM
 AVERAGE    57

..........................................................


THE TULSA OKLAHOMA CLIMATE NORMALS FOR TODAY
                         NORMAL    RECORD    YEAR
 MAXIMUM TEMPERATURE (F)   77        96      1920
 MINIMUM TEMPERATURE (F)   56        36      1954
                                             1907


SUNRISE AND SUNSET
MAY  4 2015...........SUNRISE   628 AM CDT   SUNSET   814 PM CDT
MAY  5 2015...........SUNRISE   627 AM CDT   SUNSET   814 PM CDT


-  INDICATES NEGATIVE NUMBERS.
R  INDICATES RECORD WAS SET OR TIED.
MM INDICATES DATA IS MISSING.
T  INDICATES TRACE AMOUNT.




$$

&&
...........................................................

THE TULSA PRECIPITATION NORMALS FOR TODAY
                       NORMAL    RECORD      YEAR
  TODAY                 0.19      3.70       1898
  MONTH TO DATE         0.73
  YEAR TO DATE         11.32
...........................................................
ALL DATA MEASURED AT THE TULSA INTERNATIONAL AIRPORT...
EXCEPT SNOWFALL...WHICH IS MEASURED AT THE NWS OFFICE.
