000
CDUS44 KMEG 030632
CLITUP


CLIMATE REPORT
NATIONAL WEATHER SERVICE MEMPHIS TN
131 AM CDT SUN MAY 3 2015


...................................

...THE TUPELO CLIMATE SUMMARY FOR MAY 2 2015...

CLIMATE NORMAL PERIOD 1981 TO 2010
CLIMATE RECORD PERIOD 1930 TO 2015


WEATHER ITEM   OBSERVED TIME   RECORD YEAR NORMAL DEPARTURE LAST
                VALUE   (LST)  VALUE       VALUE  FROM      YEAR
                                                  NORMAL
..................................................................
TEMPERATURE (F)
 YESTERDAY
  MAXIMUM         77    417 PM  91    1959  78     -1       71
  MINIMUM         45    510 AM  38    1981  55    -10       47
                                      1976
  AVERAGE         61                        67     -6       59

PRECIPITATION (IN)
  YESTERDAY        0.00          3.15 2010   0.20  -0.20     0.00
  MONTH TO DATE    0.00                      0.39  -0.39     0.00
  SINCE MAR 1     14.16                      9.99   4.17     9.68
  SINCE JAN 1     23.32                     19.43   3.89    15.77

SNOWFALL (IN)
  YESTERDAY        0.0          MM      MM   0.0    0.0      0.0
  MONTH TO DATE    0.0                       0.0    0.0      0.0
  SINCE MAR 1      0.1                       0.3   -0.2       T
  SINCE JUL 1      7.4                       2.1    5.3      0.5
  SNOW DEPTH       0

DEGREE DAYS
 HEATING
  YESTERDAY        4                         2      2        6
  MONTH TO DATE   10                         4      6       14
  SINCE MAR 1    424                       505    -81      619
  SINCE JUL 1   3142                      2936    206     3449

 COOLING
  YESTERDAY        0                         4     -4        0
  MONTH TO DATE    0                         7     -7        0
  SINCE MAR 1     76                        81     -5       42
  SINCE JAN 1     76                        83     -7       42
..................................................................


WIND (MPH)
  HIGHEST WIND SPEED     9   HIGHEST WIND DIRECTION    NE (30)
  HIGHEST GUST SPEED    14   HIGHEST GUST DIRECTION    SW (220)
  AVERAGE WIND SPEED     1.9


SKY COVER
  POSSIBLE SUNSHINE  MM
  AVERAGE SKY COVER 0.0


WEATHER CONDITIONS
 THE FOLLOWING WEATHER WAS RECORDED YESTERDAY.
  NO SIGNIFICANT WEATHER WAS OBSERVED.


RELATIVE HUMIDITY (PERCENT)
 HIGHEST    86           100 AM
 LOWEST     31           400 PM
 AVERAGE    59

..........................................................


THE TUPELO CLIMATE NORMALS FOR TODAY
                         NORMAL    RECORD    YEAR
 MAXIMUM TEMPERATURE (F)   79        90      1952
 MINIMUM TEMPERATURE (F)   56        36      1971


SUNRISE AND SUNSET
MAY  3 2015...........SUNRISE   604 AM CDT   SUNSET   741 PM CDT
MAY  4 2015...........SUNRISE   603 AM CDT   SUNSET   741 PM CDT


-  INDICATES NEGATIVE NUMBERS.
R  INDICATES RECORD WAS SET OR TIED.
MM INDICATES DATA IS MISSING.
T  INDICATES TRACE AMOUNT.




$$
