000
CDUS44 KJAN 242108
CLITVR


CLIMATE REPORT
NATIONAL WEATHER SERVICE JACKSON MS
407 PM CDT FRI APR 24 2015


...................................

...THE VICKSBURG CLIMATE SUMMARY FOR APRIL 24 2015...
VALID TODAY AS OF 0400 PM LOCAL TIME.

CLIMATE NORMAL PERIOD 1981 TO 2010
CLIMATE RECORD PERIOD 1948 TO 2015


WEATHER ITEM   OBSERVED TIME   RECORD YEAR NORMAL DEPARTURE LAST
                VALUE   (LST)  VALUE       VALUE  FROM      YEAR
                                                  NORMAL
..................................................................
TEMPERATURE (F)
 TODAY
  MAXIMUM         76    259 PM  89    1999  78     -2       84
                                      1958
  MINIMUM         61    545 AM  39    2012  55      6       56
                                      2005
  AVERAGE         69                        67      2       70

PRECIPITATION (IN)
  TODAY            0.01          1.75 2001   0.16  -0.15      T
  MONTH TO DATE    5.35                      4.03   1.32    12.21
  SINCE MAR 1      9.59                      9.06   0.53    18.14
  SINCE JAN 1     20.84                     19.40   1.44    23.56

SNOWFALL (IN)
  TODAY            0.0

DEGREE DAYS
 HEATING
  TODAY            0                         2     -2        0
  MONTH TO DATE   28                        91    -63       80
  SINCE MAR 1    251                       356   -105      448
  SINCE JUL 1   2509                      2332    177     2857

 COOLING
  TODAY            4                         4      0        5
  MONTH TO DATE  112                        61     51       67
  SINCE MAR 1    134                        84     50       74
  SINCE JAN 1    134                        93     41       81
..................................................................


WIND (MPH)
  HIGHEST WIND SPEED    16   HIGHEST WIND DIRECTION     S (160)
  HIGHEST GUST SPEED    19   HIGHEST GUST DIRECTION    SE (150)
  AVERAGE WIND SPEED     7.9


SKY COVER
  POSSIBLE SUNSHINE  MM
  AVERAGE SKY COVER 0.4


WEATHER CONDITIONS
 THE FOLLOWING WEATHER WAS RECORDED TODAY.
  LIGHT RAIN


RELATIVE HUMIDITY (PERCENT)
 HIGHEST    97          1200 AM
 LOWEST     66          1000 AM
 AVERAGE    82

..........................................................


THE VICKSBURG CLIMATE NORMALS FOR TOMORROW
                         NORMAL    RECORD    YEAR
 MAXIMUM TEMPERATURE (F)   78        92      1999
 MINIMUM TEMPERATURE (F)   56        40      1983


SUNRISE AND SUNSET
APRIL 24 2015.........SUNRISE   625 AM CDT   SUNSET   740 PM CDT
APRIL 25 2015.........SUNRISE   624 AM CDT   SUNSET   741 PM CDT


-  INDICATES NEGATIVE NUMBERS.
R  INDICATES RECORD WAS SET OR TIED.
MM INDICATES DATA IS MISSING.
T  INDICATES TRACE AMOUNT.




$$
