000
CDUS44 KSHV 050731
CLITXK


CLIMATE REPORT
NATIONAL WEATHER SERVICE SHREVEPORT, LA
231 AM CDT TUE MAY 5 2015


...................................

...THE TEXARKANA CLIMATE SUMMARY FOR MAY 4 2015...

CLIMATE NORMAL PERIOD 1981 TO 2010
CLIMATE RECORD PERIOD 1896 TO 2015


WEATHER ITEM   OBSERVED TIME   RECORD YEAR NORMAL DEPARTURE LAST
                VALUE   (LST)  VALUE       VALUE  FROM      YEAR
                                                  NORMAL
..................................................................
TEMPERATURE (F)
 YESTERDAY
  MAXIMUM         82    327 PM  92    1947  80      2       90
  MINIMUM         58    542 AM  39    1954  58      0       60
  AVERAGE         70                        69      1       75

PRECIPITATION (IN)
  YESTERDAY        0.00          2.02 1974   0.18  -0.18     0.00
  MONTH TO DATE    0.00                      0.70  -0.70     0.00
  SINCE DEC 1     27.87                     21.28   6.59    16.18
  SINCE JAN 1     25.19                     16.23   8.96    10.35

SNOWFALL (IN)
  YESTERDAY        0.0
  MONTH TO DATE    0.0
  SINCE MAR 1      1.0
  SINCE JUL 1      5.2
  SNOW DEPTH       0

DEGREE DAYS
 HEATING
  YESTERDAY        0                         1     -1        0
  MONTH TO DATE    0                         4     -4       13
  SINCE MAR 1    422                       413      9      551
  SINCE JUL 1   2803                      2607    196     3019

 COOLING
  YESTERDAY        5                         5      0       10
  MONTH TO DATE   13                        17     -4       10
  SINCE MAR 1    110                       110      0       88
  SINCE JAN 1    110                       114     -4       88
..................................................................


WIND (MPH)
  HIGHEST WIND SPEED    14   HIGHEST WIND DIRECTION     S (170)
  HIGHEST GUST SPEED    18   HIGHEST GUST DIRECTION     S (160)
  AVERAGE WIND SPEED     6.9


SKY COVER
  POSSIBLE SUNSHINE  MM
  AVERAGE SKY COVER 0.2


WEATHER CONDITIONS
 THE FOLLOWING WEATHER WAS RECORDED YESTERDAY.
  NO SIGNIFICANT WEATHER WAS OBSERVED.


RELATIVE HUMIDITY (PERCENT)
 HIGHEST    93           500 AM
 LOWEST     42          1200 PM
 AVERAGE    68

..........................................................


THE TEXARKANA CLIMATE NORMALS FOR TODAY
                         NORMAL    RECORD    YEAR
 MAXIMUM TEMPERATURE (F)   80        91      2012
                                             1952
 MINIMUM TEMPERATURE (F)   58        40      2013


SUNRISE AND SUNSET
MAY  5 2015...........SUNRISE   624 AM CDT   SUNSET   802 PM CDT
MAY  6 2015...........SUNRISE   623 AM CDT   SUNSET   802 PM CDT


-  INDICATES NEGATIVE NUMBERS.
R  INDICATES RECORD WAS SET OR TIED.
MM INDICATES DATA IS MISSING.
T  INDICATES TRACE AMOUNT.




$$
