000
CDUS43 KLOT 270633
CLIVPZ


CLIMATE REPORT
NATIONAL WEATHER SERVICE CHICAGO IL
133 AM CDT MON APR 27 2015


...................................

...THE VALPARAISO CLIMATE SUMMARY FOR APRIL 26 2015...

CLIMATE NORMAL PERIOD 1981 TO 2010
CLIMATE RECORD PERIOD 1998 TO 2015


WEATHER ITEM   OBSERVED TIME   RECORD YEAR NORMAL DEPARTURE LAST
                VALUE   (LST)  VALUE       VALUE  FROM      YEAR
                                                  NORMAL
..................................................................
TEMPERATURE (F)
 YESTERDAY
  MAXIMUM         52    102 PM  83    2009  64    -12       55
  MINIMUM         34    504 AM  32    2013  42     -8       36
  AVERAGE         43                        53    -10       46

PRECIPITATION (IN)
  YESTERDAY        0.00          0.59 2011   0.13  -0.13     0.01
  MONTH TO DATE    2.15                      2.91  -0.76     1.98
  SINCE MAR 1      2.77                      5.39  -2.62     2.77
  SINCE JAN 1      4.38                      8.56  -4.18     5.40

DEGREE DAYS
 HEATING
  YESTERDAY       22                        12     10       19
  MONTH TO DATE  369                       435    -66      470
  SINCE MAR 1   1332                      1280     52     1470
  SINCE JUL 1   6590                      6012    578     6919

 COOLING
  YESTERDAY        0                         0      0        0
  MONTH TO DATE    0                         0      0        0
  SINCE MAR 1      0                         0      0        0
  SINCE JAN 1      0                         0      0        0
..................................................................


WIND (MPH)
  RESULTANT WIND SPEED   9   RESULTANT WIND DIRECTION   N (0)
  HIGHEST WIND SPEED    20   HIGHEST WIND DIRECTION     N (350)
  HIGHEST GUST SPEED    28   HIGHEST GUST DIRECTION     N (20)
  AVERAGE WIND SPEED    10.0



WEATHER CONDITIONS
 THE FOLLOWING WEATHER WAS RECORDED YESTERDAY.
  NO SIGNIFICANT WEATHER WAS OBSERVED.


..........................................................


THE VALPARAISO CLIMATE NORMALS FOR TODAY
                         NORMAL    RECORD    YEAR
 MAXIMUM TEMPERATURE (F)   64        76      2009
 MINIMUM TEMPERATURE (F)   42        28      2012


SUNRISE AND SUNSET
APRIL 27 2015.........SUNRISE   551 AM CDT   SUNSET   741 PM CDT
APRIL 28 2015.........SUNRISE   550 AM CDT   SUNSET   742 PM CDT


-  INDICATES NEGATIVE NUMBERS.
R  INDICATES RECORD WAS SET OR TIED.
MM INDICATES DATA IS MISSING.
T  INDICATES TRACE AMOUNT.




$$
