000
CDUS41 KBTV 040548
CLIVSF


CLIMATE REPORT
NATIONAL WEATHER SERVICE BURLINGTON VT
145 AM EDT MON MAY 4 2015


...................................

...THE SPRINGFIELD VT CLIMATE SUMMARY FOR MAY 3 2015...

CLIMATE NORMAL PERIOD 1981 TO 2010
CLIMATE RECORD PERIOD 9999 TO 9999


WEATHER ITEM   OBSERVED TIME   NORMAL DEPARTURE LAST
                VALUE   (LST)  VALUE  FROM      YEAR
                                      NORMAL
......................................................
TEMPERATURE (F)
 YESTERDAY
  MAXIMUM         76    212 PM  64     12       59
  MINIMUM         39    523 AM  39      0       41
  AVERAGE         58            51      7       50

PRECIPITATION (IN)
  YESTERDAY        0.00          0.10  -0.10     0.13
  MONTH TO DATE    T             0.30  -0.30     0.33
  SINCE MAR 1      3.09          7.22  -4.13     6.05
  SINCE JAN 1      7.24         12.83  -5.59     9.74

DEGREE DAYS
 HEATING
  YESTERDAY        7            14     -7       15
  MONTH TO DATE   33            42     -9       43
  SINCE MAR 1   1892          1703    189     1960
  SINCE JUL 1   7444          7148    296     7671

 COOLING
  YESTERDAY        0             0      0        0
  MONTH TO DATE    0             0      0        0
  SINCE MAR 1      0             2     -2        0
  SINCE JAN 1      0             2     -2        0
......................................................


WIND (MPH)
  HIGHEST WIND SPEED    12   HIGHEST WIND DIRECTION     E (80)
  HIGHEST GUST SPEED    14   HIGHEST GUST DIRECTION    NE (50)
  AVERAGE WIND SPEED     1.5


SKY COVER
  AVERAGE SKY COVER 0.4


WEATHER CONDITIONS
 THE FOLLOWING WEATHER WAS RECORDED YESTERDAY.
  NO SIGNIFICANT WEATHER WAS OBSERVED.


RELATIVE HUMIDITY (PERCENT)
 HIGHEST    93           600 AM
 LOWEST     23          1200 PM
 AVERAGE    58

..........................................................


THE SPRINGFIELD VT CLIMATE NORMALS FOR TODAY
                         NORMAL    RECORD    YEAR
 MAXIMUM TEMPERATURE (F)   64        87      2001
 MINIMUM TEMPERATURE (F)   39        28      2003


SUNRISE AND SUNSET
MAY  4 2015...........SUNRISE   539 AM EDT   SUNSET   755 PM EDT
MAY  5 2015...........SUNRISE   538 AM EDT   SUNSET   756 PM EDT


-  INDICATES NEGATIVE NUMBERS.
R  INDICATES RECORD WAS SET OR TIED.
MM INDICATES DATA IS MISSING.
T  INDICATES TRACE AMOUNT.




$$
