000
CXUS54 KBMX 022206
CLMBHM


CLIMATE REPORT
NATIONAL WEATHER SERVICE BIRMINGHAM, AL
506 PM CDT THU APR 2 2015

...................................

...THE BIRMINGHAM CLIMATE SUMMARY FOR THE MONTH OF MARCH 2015...

CLIMATE NORMAL PERIOD 1981 TO 2010
CLIMATE RECORD PERIOD 2014 TO 2015

WEATHER         OBSERVED          NORMAL  DEPART  LAST YEAR`S
                 VALUE   DATE(S)  VALUE   FROM    VALUE  DATE(S)
                                          NORMAL
................................................................
TEMPERATURE (F)
RECORD
 HIGH              90   03/21/1907
 LOW                2   03/14/1993
HIGHEST            81   03/31        MM      MM       78  03/31
                        03/17                             03/22
                        03/16                             03/11
LOWEST             18   03/06        MM      MM       25  03/26
AVG. MAXIMUM     67.3              66.7     0.6     64.7
AVG. MINIMUM     45.8              43.7     2.1     40.7
MEAN             56.6                               52.7
DAYS MAX >= 90      0               0.0     0.0        0
DAYS MAX <= 32      0               0.1    -0.1        0
DAYS MIN <= 32      4               3.7     0.3        6
DAYS MIN <= 0       0               0.0     0.0        0

PRECIPITATION (INCHES)
RECORD
 MAXIMUM        15.80   1980
 MINIMUM         0.32   1918
TOTALS           4.24              5.23   -0.99     4.72
DAILY AVG.       0.14              0.17   -0.03     0.15
DAYS >= .01        21              10.2    10.8       11
DAYS >= .10        13               6.9     6.1        8
DAYS >= .50         2               3.6    -1.6        2
DAYS >= 1.00        0               1.6    -1.6        2

DEGREE_DAYS
HEATING TOTAL     259               322     -63      373
 SINCE 7/1       2725              2512     213     2871
COOLING TOTAL       5                18     -13        0
 SINCE 1/1          5                22     -17        3
.................................................................

WIND (MPH)
AVERAGE WIND SPEED              6.3
HIGHEST WIND SPEED/DIRECTION    29/200    DATE  03/04
HIGHEST GUST SPEED/DIRECTION    36/200    DATE  03/04

AVERAGE RH (PERCENT)     72

WEATHER CONDITIONS. NUMBER OF DAYS WITH
THUNDERSTORM              0     MIXED PRECIP               1
HEAVY RAIN                9     RAIN                       8
LIGHT RAIN               21     FREEZING RAIN              0
LT FREEZING RAIN          1     HAIL                       0
HEAVY SNOW                0     SNOW                       1
LIGHT SNOW                0     SLEET                      1
FOG                      19     FOG W/VIS <= 1/4 MILE      2
HAZE                      6

-  INDICATES NEGATIVE NUMBERS.
R  INDICATES RECORD WAS SET OR TIED.
MM INDICATES DATA IS MISSING.
T  INDICATES TRACE AMOUNT.

$$
