000
CXUS54 KHGX 011901
CLMHOU

CLIMATE REPORT
NATIONAL WEATHER SERVICE HOUSTON/GALVESTON TX
101 PM CST SUN MAR 1 2015

...................................

...THE HOUSTON INTERCONTINENTAL CLIMATE SUMMARY FOR THE MONTH OF FEBRUARY 2015...

CLIMATE NORMAL PERIOD 1981 TO 2010
CLIMATE RECORD PERIOD 1892 TO 2015

WEATHER         OBSERVED          NORMAL  DEPART  LAST YEAR`S
                 VALUE   DATE(S)  VALUE   FROM    VALUE  DATE(S)
                                          NORMAL
................................................................
TEMPERATURE (F)
RECORD
 HIGH              91   02/20/1986
 LOW                6   02/13/1899
                        02/12/1899

HIGHEST            83   02/09        66      17       80  02/18
LOWEST             31   02/26        45     -14       29  02/13

AVG. MAXIMUM     63.4              66.3    -2.9     64.0
AVG. MINIMUM     41.7              46.5    -4.8     45.4
MEAN             52.6              56.4    -3.8     54.7

DAYS MAX >= 90      0               0.0     0.0        0
DAYS MAX <= 32      0               0.1    -0.1        0
DAYS MIN <= 32      1               1.6    -0.6        1
DAYS MIN <= 0       0               0.0     0.0        0

PRECIPITATION (INCHES)
RECORD
 MAXIMUM         9.80   1959
 MINIMUM         0.03   1916

TOTALS           0.66              3.20   -2.54     2.39
DAILY AVG.       0.02              0.11   -0.09     0.09

DAYS >= .01         9               9.2    -0.2       11
DAYS >= .10         4               5.2    -1.2        5
DAYS >= .50         0               2.4    -2.4        2
DAYS >= 1.00        0               0.9    -0.9        0

SNOWFALL (INCHES)
RECORDS
 TOTAL            2.8   1973

TOTALS            0.0                 T     0.0      0.0
SINCE 7/1         0.0               0.1    -0.1        T
SNOWDEPTH AVG.      0                MM      MM        0
DAYS >= 1.0         0               0.0     0.0        0

GREATEST
 SNOW DEPTH         0   MM                             0  MM
 24 HR TOTAL      0.0   02/28 TO 02/28

DEGREE_DAYS
HEATING TOTAL     350               264      86      315
 SINCE 7/1       1319              1188     131     1480
COOLING TOTAL      10                23     -13       34
 SINCE 1/1         10                38     -28       34
.................................................................

WIND (MPH)
AVERAGE WIND SPEED              7.9
RESULTANT WIND SPEED/DIRECTION   2/029
HIGHEST WIND SPEED/DIRECTION    29/170    DATE  02/20
HIGHEST GUST SPEED/DIRECTION    37/170    DATE  02/20

SKY COVER
AVERAGE SKY COVER           0.70

AVERAGE RH (PERCENT)     74

WEATHER CONDITIONS. NUMBER OF DAYS WITH
THUNDERSTORM              0     MIXED PRECIP               0
HEAVY RAIN                1     RAIN                       2
LIGHT RAIN               14     FREEZING RAIN              0
LT FREEZING RAIN          0     HAIL                       0
HEAVY SNOW                0     SNOW                       0
LIGHT SNOW                0     SLEET                      0
FOG                      21     FOG W/VIS <= 1/4 MILE      2
HAZE                      7

-  INDICATES NEGATIVE NUMBERS.
R  INDICATES RECORD WAS SET OR TIED.
MM INDICATES DATA IS MISSING.
T  INDICATES TRACE AMOUNT.


&&

...................................

...THE HOUSTON/HOBBY AIRPORT CLIMATE SUMMARY FOR THE MONTH OF FEBRUARY 2015...

CLIMATE NORMAL PERIOD 1981 TO 2010
CLIMATE RECORD PERIOD 1930 TO 2015

WEATHER         OBSERVED          NORMAL  DEPART  LAST YEAR`S
                 VALUE   DATE(S)  VALUE   FROM    VALUE  DATE(S)
                                          NORMAL
................................................................
TEMPERATURE (F)
RECORD
HIGH               87   02/19/1986
                        02/18/1986
                        02/09/1962
LOW                14   02/02/1951


HIGHEST            83   02/09        MM      MM       81  02/17
LOWEST             34   02/24        MM      MM       31  02/13

AVG. MAXIMUM     63.3              66.0    -2.7     64.5
AVG. MINIMUM     44.6              48.5    -3.9     47.2
MEAN             53.9              57.3    -3.4     55.9

DAYS MAX >= 90      0               0.0     0.0        0
DAYS MAX <= 32      0               0.0     0.0        0
DAYS MIN <= 32      0               1.0    -1.0        1
DAYS MIN <= 0       0               0.0     0.0        0

PRECIPITATION (INCHES)
RECORD
 MAXIMUM        11.33   1959
 MINIMUM         0.09   1954

TOTALS           0.75              3.21   -2.46     2.09
DAILY AVG.       0.03              0.11   -0.08     0.07

DAYS >= .01        10               9.0     1.0        9
DAYS >= .10         4               5.1    -1.1        6
DAYS >= .50         0               2.1    -2.1        1
DAYS >= 1.00        0               1.0    -1.0        0

SNOWFALL (INCHES)
RECORDS
 TOTAL            4.4   1960

TOTALS            0.0                 T     0.0        T
SINCE 7/1         0.0                 T     0.0        T
SNOWDEPTH AVG.      0                MM      MM        0

DAYS >= 1.0         0               0.0     0.0        0
GREATEST
 SNOW DEPTH         0   MM                             0  MM
 24 HR TOTAL      0.0   02/28 TO 02/28

DEGREE_DAYS
HEATING TOTAL     311               239      72      288
 SINCE 7/1       1185              1070     115     1327
COOLING TOTAL      10                22     -12       39
 SINCE 1/1         10                38     -28       39
.................................................................

WIND (MPH)
AVERAGE WIND SPEED              8.7
RESULTANT WIND SPEED/DIRECTION   2/032
HIGHEST WIND SPEED/DIRECTION    29/280    DATE  02/16
HIGHEST GUST SPEED/DIRECTION    49/340    DATE  02/12

SKY COVER
AVERAGE SKY COVER           0.60

AVERAGE RH (PERCENT)     74

WEATHER CONDITIONS. NUMBER OF DAYS WITH
THUNDERSTORM              0     MIXED PRECIP               0
HEAVY RAIN                0     RAIN                       4
LIGHT RAIN               14     FREEZING RAIN              0
LT FREEZING RAIN          0     HAIL                       0
HEAVY SNOW                0     SNOW                       0
LIGHT SNOW                0     SLEET                      0
FOG                      18     FOG W/VIS <= 1/4 MILE      1
HAZE                      0

-  INDICATES NEGATIVE NUMBERS.
R  INDICATES RECORD WAS SET OR TIED.
MM INDICATES DATA IS MISSING.
T  INDICATES TRACE AMOUNT.

$$
