000
CXUS54 KOUN 011409
CLMOKC

CLIMATE REPORT
NATIONAL WEATHER SERVICE NORMAN OK
902 AM CDT WED APR 1 2015

...................................

...THE OKLAHOMA CITY CLIMATE SUMMARY FOR THE MONTH OF MARCH 2015...

CLIMATE NORMAL PERIOD 1981 TO 2010
CLIMATE RECORD PERIOD 1890 TO 2015

WEATHER         OBSERVED          NORMAL  DEPART  LAST YEAR`S
                 VALUE   DATE(S)  VALUE   FROM    VALUE
                                          NORMAL
.............................................................
TEMPERATURE (F)
RECORD
 HIGH              97   03/19/1907
 LOW                1   03/11/1948
HIGHEST            86                83       3       86
LOWEST             10                20     -10        6
AVG. MAXIMUM     65.2              63.4     1.8     62.0
AVG. MINIMUM     42.1              41.0     1.1     35.1
MEAN             53.6              52.2     1.4     48.6
DAYS MAX >= 90      0               0.1    -0.1        0
DAYS MAX <= 32      0               0.3    -0.3        2
DAYS MIN <= 32      6               5.2     0.8       12
DAYS MIN <= 0       0               0.0     0.0        0

PRECIPITATION (INCHES)
RECORD
 MAXIMUM         8.02   2007
 MINIMUM         0.02   1911
                        1940
TOTALS           2.62              3.06   -0.44     1.26
DAILY AVG.       0.08              0.10   -0.02     0.04
DAYS >= .01         9               7.6     1.4        5
DAYS >= .10         5               5.1    -0.1        5
DAYS >= .50         3               1.9     1.1        0
DAYS >= 1.00        0               1.1    -1.1        0
GREATEST
 24 HR. TOTAL    0.69   03/09 TO 03/09

SNOWFALL (INCHES)
TOTALS            3.0               0.9     2.1
SINCE 7/1        13.6               7.6     6.0

DEGREE_DAYS
HEATING TOTAL     356               409     -53      514
 SINCE 7/1       3131              3159     -28     3602
COOLING TOTAL      10                12      -2       11
 SINCE 1/1         10                13      -3       11
..............................................................

WIND (MPH)
AVERAGE WIND SPEED              9.3
HIGHEST WIND SPEED/DIRECTION    48/350    DATE  03/25
HIGHEST GUST SPEED/DIRECTION    61/350    DATE  03/25


WEATHER CONDITIONS. NUMBER OF DAYS WITH
THUNDERSTORM              0     MIXED PRECIP               0
HEAVY RAIN                3     RAIN                       4
LIGHT RAIN               13     FREEZING RAIN              0
LT FREEZING RAIN          2     HAIL                       1
HEAVY SNOW                1     SNOW                       1
LIGHT SNOW                1     SLEET                      1
FOG                      15     FOG W/VIS <= 1/4 MILE      1
HAZE                      8

-  INDICATES NEGATIVE NUMBERS.
R  INDICATES RECORD WAS SET OR TIED.
MM INDICATES DATA IS MISSING.
T  INDICATES TRACE AMOUNT.
.............................................................
RECORDS/REMARKS

RECORD COOLEST MINIMUM TEMPERATURES OF 10 DEGREES TIED ON THE 5TH.
RECORD SNOWFALL OF 3.0 INCHES ON THE 4TH.
THE JANUARY THROUGH MARCH 2014 TOTAL PRECIPITATION IS 4.83 INCHES.

$$
