000
CXUS56 KOTX 011134
CLMOMK


CLIMATE REPORT
NATIONAL WEATHER SERVICE SPOKANE, WA
418 AM PDT FRI MAY 1 2015

...................................

...THE OMAK WA AIRPORT CLIMATE SUMMARY FOR THE MONTH OF APRIL 2015...

CLIMATE NORMAL PERIOD 1981 TO 2010
CLIMATE RECORD PERIOD 9999 TO 9999

WEATHER         OBSERVED          NORMAL  DEPART  LAST YEAR`S
                 VALUE   DATE(S)  VALUE   FROM    VALUE  DATE(S)
                                          NORMAL
................................................................
TEMPERATURE (F)
RECORD
 HIGH              96   04/23/1934
 LOW               15   04/02/1936
HIGHEST            80   04/28        MM      MM       76  04/30
LOWEST             24   04/15        MM      MM       26  04/14
AVG. MAXIMUM     64.4              63.4     1.0     64.1
AVG. MINIMUM     34.6              36.7    -2.1     34.6
MEAN             49.5              50.0    -0.5     49.3
DAYS MAX >= 90      0               0.0     0.0        0
DAYS MAX <= 32      0               0.0     0.0        0
DAYS MIN <= 32     14               6.9     7.1        8
DAYS MIN <= 0       0               0.0     0.0        0

PRECIPITATION (INCHES)
RECORD
 MAXIMUM         2.72   1948
 MINIMUM         0.01   1931
TOTALS           0.10              1.05   -0.95     1.18
DAILY AVG.       0.00              0.04   -0.04     0.04
DAYS >= .01         5                MM      MM        3
DAYS >= .10         0                MM      MM        2
DAYS >= .50         0                MM      MM        2
DAYS >= 1.00        0                MM      MM        0
GREATEST
 24 HR. TOTAL    0.04   04/09 TO 04/09           04/22 TO 04/22
                        04/08 TO 04/09                    04/22 TO 04/22
                        04/09 TO 04/09                    04/22 TO 04/22

SNOWFALL (INCHES)
RECORDS
 TOTAL            0.5   1950
TOTALS             MM                MM      MM       MM
SINCE 7/1          MM                MM      MM       MM
SNOWDEPTH AVG.     MM                MM      MM       MM
DAYS >= 1.0         0                MM      MM        0
GREATEST
 SNOW DEPTH        MM                                 MM  MM
 24 HR TOTAL       MM                                 MM

DEGREE_DAYS
HEATING TOTAL     455               449       6      463
 SINCE 7/1       5189              6039    -850     6203
COOLING TOTAL       0                 1      -1        0
 SINCE 1/1          0                 1      -1        0
...................................................

WIND (MPH)
AVERAGE WIND SPEED              7.1
HIGHEST WIND SPEED/DIRECTION    23/310    DATE  04/29
HIGHEST GUST SPEED/DIRECTION    35/220    DATE  04/24

SKY COVER
POSSIBLE SUNSHINE (PERCENT)   MM
AVERAGE SKY COVER           0.20
NUMBER OF DAYS FAIR           22
NUMBER OF DAYS PC              8
NUMBER OF DAYS CLOUDY          0

AVERAGE RH (PERCENT)     49

WEATHER CONDITIONS. NUMBER OF DAYS WITH
THUNDERSTORM              0     MIXED PRECIP               0
HEAVY RAIN                0     RAIN                       0
LIGHT RAIN                8     FREEZING RAIN              0
LT FREEZING RAIN          0     HAIL                       0
HEAVY SNOW                0     SNOW                       0
LIGHT SNOW                0     SLEET                      0
FOG                       1     FOG W/VIS <= 1/4 MILE      0
HAZE                      2

-  INDICATES NEGATIVE NUMBERS.
R  INDICATES RECORD WAS SET OR TIED.
MM INDICATES DATA IS MISSING.
T  INDICATES TRACE AMOUNT.

$$
