000
CXUS53 KDDC 020124
CF6DDC
PRELIMINARY LOCAL CLIMATOLOGICAL DATA (WS FORM: F-6)

                                          STATION:   DODGE CITY KS
                                          MONTH:     MARCH
                                          YEAR:      2015
                                          LATITUDE:   37 46 N
                                          LONGITUDE:  99 58 W

  TEMPERATURE IN F:       :PCPN:    SNOW:  WIND      :SUNSHINE: SKY     :PK WND
================================================================================
1   2   3   4   5  6A  6B    7    8   9   10  11  12  13   14  15   16   17  18
                                     12Z  AVG MX 2MIN
DY MAX MIN AVG DEP HDD CDD  WTR  SNW DPTH SPD SPD DIR MIN PSBL S-S WX    SPD DR
================================================================================

 1  31  19  25 -15  40   0 0.00  0.0    2  4.6 13 330   M    M   9 18     14 340
 2  35  20  28 -12  37   0 0.00  0.0    T 14.1 29 170   M    M   2 18     36 200
 3  43  27  35  -5  30   0 0.00  0.0    T 18.1 30 190   M    M   2        38 180
 4  32  17  25 -16  40   0    T    T    0 14.6 26  40   M    M   8 8      33  30
 5  47  16  32  -9  33   0 0.00  0.0    0  9.3 16 260   M    M   0        19 230
 6  63  25  44   3  21   0 0.00  0.0    0  8.1 17 280   M    M   0        20 280
 7  69  29  49   7  16   0 0.00  0.0    0  8.0 15 170   M    M   0        18 190
 8  68  36  52  10  13   0 0.00  0.0    0  8.8 20  30   M    M   0        24  30
 9  65  29  47   5  18   0 0.00  0.0    0  7.4 13 160   M    M   0        15 120
10  73  35  54  11  11   0 0.00  0.0    0  7.4 14 270   M    M   1        20 270
11  75  36  56  13   9   0 0.00  0.0    0  7.5 15 150   M    M   0        21 190
12  73  44  59  16   6   0 0.00  0.0    0 12.4 25 190   M    M   0        31 180
13  74  38  56  12   9   0 0.00  0.0    0 12.7 30  30   M    M   0        36  30
14  64  31  48   4  17   0 0.00  0.0    0  9.4 21  10   M    M   0 8      28  10
15  76  28  52   8  13   0 0.00  0.0    0 12.6 24 200   M    M   0        29 200
16  91  39  65  21   0   0 0.00  0.0    0 18.0 36  30   M    M   0 8      43  30
17  57  32  45   0  20   0 0.00  0.0    0 21.2 37  10   M    M   1        45  10
18  52  36  44  -1  21   0 0.01  0.0    0  7.2 13 120   M    M   5 1      16 120
19  45  37  41  -4  24   0 0.26  0.0    0  7.9 15 270   M    M   8 12     18 280
20  67  36  52   6  13   0 0.00  0.0    0  7.8 14 220   M    M   0 1      18 190
21  70  37  54   8  11   0 0.00  0.0    0  9.8 20 190   M    M   0        27 180
22  77  41  59  13   6   0 0.00  0.0    0  9.1 25  30   M    M   0 1      32  20
23  63  39  51   5  14   0 0.00  0.0    0 12.0 21  40   M    M   1        25  30
24  72  39  56   9   9   0 0.00  0.0    0 12.3 31 290   M    M   3 18     40 300
25  63  35  49   2  16   0 0.02  0.0    0 17.7 41 360   M    M   3 1      48  20
26  66  25  46  -1  19   0 0.00  0.0    0 10.4 30 300   M    M   2        34 300
27  62  34  48   0  17   0    T    T    0 11.2 21  30   M    M   5        28 230
28  80  44  62  14   3   0 0.00  0.0    0 12.7 25 160   M    M   0        33 160
29  72  41  57   9   8   0 0.00  0.0    0 18.0 36  10   M    M   0        44  10
30  83  37  60  12   5   0 0.00  0.0    0 12.7 29 210   M    M   0        36 200
31  83  37  60  11   5   0 0.00  0.0    0 10.4 20 160   M    M   0        24 170
================================================================================
SM 1991 1019       504   0 0.29    T     353.4          M       50
================================================================================
AV 64.2 32.9                              11.4 FASTST   M    M   2      MAX(MPH)
                                 MISC ---->    41 360                     48  20
================================================================================
NOTES:
# LAST OF SEVERAL OCCURRENCES

COLUMN 17 PEAK WIND IN M.P.H.

PRELIMINARY LOCAL CLIMATOLOGICAL DATA (WS FORM: F-6) , PAGE 2

                                          STATION:  DODGE CITY KS
                                          MONTH:    MARCH
                                          YEAR:     2015
                                          LATITUDE:   37 46 N
                                          LONGITUDE:  99 58 W

[TEMPERATURE DATA]      [PRECIPITATION DATA]       SYMBOLS USED IN COLUMN 16

AVERAGE MONTHLY: 48.6   TOTAL FOR MONTH:   0.29    1 = FOG OR MIST
DPTR FM NORMAL:   4.2   DPTR FM NORMAL:   -1.30    2 = FOG REDUCING VISIBILITY
HIGHEST:    91 ON 16    GRTST 24HR  0.26 ON 19-19      TO 1/4 MILE OR LESS
LOWEST:     16 ON  5                               3 = THUNDER
                        SNOW, ICE PELLETS, HAIL    4 = ICE PELLETS
                        TOTAL MONTH:    T          5 = HAIL
                        GRTST 24HR    T  ON 27-27  6 = FREEZING RAIN OR DRIZZLE
                        GRTST DEPTH:   2 ON  1     7 = DUSTSTORM OR SANDSTORM:
                                                       VSBY 1/2 MILE OR LESS
                                                   8 = SMOKE OR HAZE
[NO. OF DAYS WITH]      [WEATHER - DAYS WITH]      9 = BLOWING SNOW
                                                   X = TORNADO
MAX 32 OR BELOW:   2    0.01 INCH OR MORE:   3
MAX 90 OR ABOVE:   1    0.10 INCH OR MORE:   1
MIN 32 OR BELOW:  12    0.50 INCH OR MORE:   0
MIN  0 OR BELOW:   0    1.00 INCH OR MORE:   0

[HDD (BASE 65) ]
TOTAL THIS MO.   504    CLEAR  (SCALE 0-3)  25
DPTR FM NORMAL  -136    PTCLDY (SCALE 4-7)   5
TOTAL FM JUL 1  4252    CLOUDY (SCALE 8-10)  1
DPTR FM NORMAL  -235

[CDD (BASE 65) ]
TOTAL THIS MO.     0
DPTR FM NORMAL    -1    [PRESSURE DATA]
TOTAL FM JAN 1     0    HIGHEST SLP 30.53 ON  5
DPTR FM NORMAL    -1    LOWEST  SLP 29.69 ON  3

[REMARKS]
#FINAL-03-15#
