000
CDUS43 KDDC 241007
CLIDGC


CLIMATE REPORT
NATIONAL WEATHER SERVICE DODGE CITY KS
507 AM CDT FRI APR 24 2015


...................................

...THE DODGE CITY KS CLIMATE SUMMARY FOR APRIL 23 2015...

CLIMATE NORMAL PERIOD 1981 TO 2010
CLIMATE RECORD PERIOD 1875 TO 2015


WEATHER ITEM   OBSERVED TIME   RECORD YEAR NORMAL DEPARTURE LAST
                VALUE   (LST)  VALUE       VALUE  FROM      YEAR
                                                  NORMAL
..................................................................
TEMPERATURE (F)
 YESTERDAY
  MAXIMUM         65    328 PM  97    1989  70     -5       83
  MINIMUM         47    638 AM  24    2013  43      4       57
                                      1887
  AVERAGE         56                        56      0       70

PRECIPITATION (IN)
  YESTERDAY        0.00          2.48 1905   0.07  -0.07     0.00
  MONTH TO DATE    1.49                      1.33   0.16     0.46
  SINCE MAR 1      1.78                      2.92  -1.14     0.73
  SINCE JAN 1      3.08                      4.18  -1.10     1.57

SNOWFALL (IN)
  YESTERDAY        0.0           T    1914   0.1   -0.1      0.0
  MONTH TO DATE    0.0                       1.1   -1.1      2.2
  SINCE MAR 1      T                         6.0   -6.0      6.6
  SINCE JUL 1     21.4                      21.1    0.3     31.1
  SNOW DEPTH       0

DEGREE DAYS
 HEATING
  YESTERDAY        9                         9      0        0
  MONTH TO DATE  199                       294    -95      283
  SINCE MAR 1    703                       934   -231     1035
  SINCE JUL 1   4451                      4781   -330     5192

 COOLING
  YESTERDAY        0                         1     -1        5
  MONTH TO DATE   12                         8      4       15
  SINCE MAR 1     12                         9      3       15
  SINCE JAN 1     12                         9      3       15
..................................................................


WIND (MPH)
  HIGHEST WIND SPEED    22   HIGHEST WIND DIRECTION    SE (140)
  HIGHEST GUST SPEED    27   HIGHEST GUST DIRECTION     S (160)
  AVERAGE WIND SPEED    13.9


SKY COVER
  POSSIBLE SUNSHINE  MM
  AVERAGE SKY COVER 0.8


WEATHER CONDITIONS
 THE FOLLOWING WEATHER WAS RECORDED YESTERDAY.
  FOG


RELATIVE HUMIDITY (PERCENT)
 HIGHEST    87          1000 PM
 LOWEST     54          1200 AM
 AVERAGE    71

..........................................................


THE DODGE CITY KS CLIMATE NORMALS FOR TODAY
                         NORMAL    RECORD    YEAR
 MAXIMUM TEMPERATURE (F)   70        98      1989
 MINIMUM TEMPERATURE (F)   43        23      2013


SUNRISE AND SUNSET
APRIL 24 2015.........SUNRISE   653 AM CDT   SUNSET   824 PM CDT
APRIL 25 2015.........SUNRISE   652 AM CDT   SUNSET   825 PM CDT


-  INDICATES NEGATIVE NUMBERS.
R  INDICATES RECORD WAS SET OR TIED.
MM INDICATES DATA IS MISSING.
T  INDICATES TRACE AMOUNT.




$$
