000
CDUS43 KDDC 161006
CLIDGC


CLIMATE REPORT
NATIONAL WEATHER SERVICE DODGE CITY KS
505 AM CDT THU APR 16 2015


...................................

...THE DODGE CITY KS CLIMATE SUMMARY FOR APRIL 15 2015...

CLIMATE NORMAL PERIOD 1981 TO 2010
CLIMATE RECORD PERIOD 1875 TO 2015


WEATHER ITEM   OBSERVED TIME   RECORD YEAR NORMAL DEPARTURE LAST
                VALUE   (LST)  VALUE       VALUE  FROM      YEAR
                                                  NORMAL
..................................................................
TEMPERATURE (F)
 YESTERDAY
  MAXIMUM         74    407 PM  97    2002  67      7       66
  MINIMUM         41    648 AM  21    1905  40      1       24
  AVERAGE         58                        54      4       45

PRECIPITATION (IN)
  YESTERDAY        0.00          1.25 1976   0.06  -0.06     0.00
  MONTH TO DATE    0.45                      0.84  -0.39     0.31
  SINCE MAR 1      0.74                      2.43  -1.69     0.58
  SINCE JAN 1      2.04                      3.69  -1.65     1.42

SNOWFALL (IN)
  YESTERDAY        0.0           2.3  1945   0.0    0.0      0.0
  MONTH TO DATE    0.0                       0.9   -0.9      2.2
  SINCE MAR 1      T                         5.8   -5.8      6.6
  SINCE JUL 1     21.4                      20.9    0.5     31.1
  SNOW DEPTH       0

DEGREE DAYS
 HEATING
  YESTERDAY        7                        12     -5       20
  MONTH TO DATE  126                       210    -84      231
  SINCE MAR 1    630                       850   -220      983
  SINCE JUL 1   4378                      4697   -319     5140

 COOLING
  YESTERDAY        0                         0      0        0
  MONTH TO DATE   12                         0     12        8
  SINCE MAR 1     12                         1     11        8
  SINCE JAN 1     12                         1     11        8
..................................................................


WIND (MPH)
  HIGHEST WIND SPEED    36   HIGHEST WIND DIRECTION     S (180)
  HIGHEST GUST SPEED    44   HIGHEST GUST DIRECTION     S (180)
  AVERAGE WIND SPEED    19.1


SKY COVER
  POSSIBLE SUNSHINE  MM
  AVERAGE SKY COVER 0.2


WEATHER CONDITIONS
 THE FOLLOWING WEATHER WAS RECORDED YESTERDAY.
  FOG
  FOG W/VISIBILITY <= 1/4 MILE


RELATIVE HUMIDITY (PERCENT)
 HIGHEST    93           800 AM
 LOWEST     38           400 PM
 AVERAGE    66

..........................................................


THE DODGE CITY KS CLIMATE NORMALS FOR TODAY
                         NORMAL    RECORD    YEAR
 MAXIMUM TEMPERATURE (F)   68        91      1964
                                             1937
 MINIMUM TEMPERATURE (F)   40        24      1907


SUNRISE AND SUNSET
APRIL 16 2015.........SUNRISE   704 AM CDT   SUNSET   816 PM CDT
APRIL 17 2015.........SUNRISE   702 AM CDT   SUNSET   817 PM CDT


-  INDICATES NEGATIVE NUMBERS.
R  INDICATES RECORD WAS SET OR TIED.
MM INDICATES DATA IS MISSING.
T  INDICATES TRACE AMOUNT.




$$
