000
CDUS43 KDDC 231007
CLIDGC


CLIMATE REPORT
NATIONAL WEATHER SERVICE DODGE CITY KS
506 AM CDT THU APR 23 2015


...................................

...THE DODGE CITY KS CLIMATE SUMMARY FOR APRIL 22 2015...

CLIMATE NORMAL PERIOD 1981 TO 2010
CLIMATE RECORD PERIOD 1875 TO 2015


WEATHER ITEM   OBSERVED TIME   RECORD YEAR NORMAL DEPARTURE LAST
                VALUE   (LST)  VALUE       VALUE  FROM      YEAR
                                                  NORMAL
..................................................................
TEMPERATURE (F)
 YESTERDAY
  MAXIMUM         64    433 PM 100    1989  70     -6       78
  MINIMUM         40    629 AM  26    1892  43     -3       41
  AVERAGE         52                        56     -4       60

PRECIPITATION (IN)
  YESTERDAY        0.00          1.58 1933   0.06  -0.06     0.00
  MONTH TO DATE    1.49                      1.26   0.23     0.46
  SINCE MAR 1      1.78                      2.85  -1.07     0.73
  SINCE JAN 1      3.08                      4.11  -1.03     1.57

SNOWFALL (IN)
  YESTERDAY        0.0           0.3  1907   0.0    0.0      0.0
  MONTH TO DATE    0.0                       1.0   -1.0      2.2
  SINCE MAR 1      T                         5.9   -5.9      6.6
  SINCE JUL 1     21.4                      21.0    0.4     31.1
  SNOW DEPTH       0

DEGREE DAYS
 HEATING
  YESTERDAY       13                        10      3        5
  MONTH TO DATE  190                       285    -95      283
  SINCE MAR 1    694                       925   -231     1035
  SINCE JUL 1   4442                      4772   -330     5192

 COOLING
  YESTERDAY        0                         1     -1        0
  MONTH TO DATE   12                         7      5       10
  SINCE MAR 1     12                         8      4       10
  SINCE JAN 1     12                         8      4       10
..................................................................


WIND (MPH)
  HIGHEST WIND SPEED    30   HIGHEST WIND DIRECTION    NE (30)
  HIGHEST GUST SPEED    34   HIGHEST GUST DIRECTION    NE (30)
  AVERAGE WIND SPEED    15.0


SKY COVER
  POSSIBLE SUNSHINE  MM
  AVERAGE SKY COVER 0.3


WEATHER CONDITIONS
 THE FOLLOWING WEATHER WAS RECORDED YESTERDAY.
  NO SIGNIFICANT WEATHER WAS OBSERVED.


RELATIVE HUMIDITY (PERCENT)
 HIGHEST    64           600 AM
 LOWEST     25           100 PM
 AVERAGE    45

..........................................................


THE DODGE CITY KS CLIMATE NORMALS FOR TODAY
                         NORMAL    RECORD    YEAR
 MAXIMUM TEMPERATURE (F)   70        97      1989
 MINIMUM TEMPERATURE (F)   43        24      2013
                                             1887


SUNRISE AND SUNSET
APRIL 23 2015.........SUNRISE   654 AM CDT   SUNSET   823 PM CDT
APRIL 24 2015.........SUNRISE   653 AM CDT   SUNSET   824 PM CDT


-  INDICATES NEGATIVE NUMBERS.
R  INDICATES RECORD WAS SET OR TIED.
MM INDICATES DATA IS MISSING.
T  INDICATES TRACE AMOUNT.




$$
