000
CDUS43 KDDC 181006
CLIDGC


CLIMATE REPORT
NATIONAL WEATHER SERVICE DODGE CITY KS
506 AM CDT SAT APR 18 2015


...................................

...THE DODGE CITY KS CLIMATE SUMMARY FOR APRIL 17 2015...

CLIMATE NORMAL PERIOD 1981 TO 2010
CLIMATE RECORD PERIOD 1875 TO 2015


WEATHER ITEM   OBSERVED TIME   RECORD YEAR NORMAL DEPARTURE LAST
                VALUE   (LST)  VALUE       VALUE  FROM      YEAR
                                                  NORMAL
..................................................................
TEMPERATURE (F)
 YESTERDAY
  MAXIMUM         72    334 PM  93    2002  68      4       52
                                      1909
  MINIMUM         52    658 AM  24    1907  41     11       32
  AVERAGE         62                        54      8       42

PRECIPITATION (IN)
  YESTERDAY        0.49          1.44 2009   0.06   0.43     0.15
  MONTH TO DATE    1.49                      0.95   0.54     0.46
  SINCE MAR 1      1.78                      2.54  -0.76     0.73
  SINCE JAN 1      3.08                      3.80  -0.72     1.57

SNOWFALL (IN)
  YESTERDAY        0.0           0.5  1940   0.0    0.0      0.0
  MONTH TO DATE    0.0                       0.9   -0.9      2.2
  SINCE MAR 1      T                         5.8   -5.8      6.6
  SINCE JUL 1     21.4                      20.9    0.5     31.1
  SNOW DEPTH       0

DEGREE DAYS
 HEATING
  YESTERDAY        3                        11     -8       23
  MONTH TO DATE  133                       233   -100      263
  SINCE MAR 1    637                       873   -236     1015
  SINCE JUL 1   4385                      4720   -335     5172

 COOLING
  YESTERDAY        0                         1     -1        0
  MONTH TO DATE   12                         2     10        8
  SINCE MAR 1     12                         3      9        8
  SINCE JAN 1     12                         3      9        8
..................................................................


WIND (MPH)
  HIGHEST WIND SPEED    37   HIGHEST WIND DIRECTION     E (80)
  HIGHEST GUST SPEED    44   HIGHEST GUST DIRECTION     E (80)
  AVERAGE WIND SPEED    12.2


SKY COVER
  POSSIBLE SUNSHINE  MM
  AVERAGE SKY COVER 0.5


WEATHER CONDITIONS
 THE FOLLOWING WEATHER WAS RECORDED YESTERDAY.
  THUNDERSTORM
  RAIN
  LIGHT RAIN
  FOG


RELATIVE HUMIDITY (PERCENT)
 HIGHEST    93           200 AM
 LOWEST     49           300 PM
 AVERAGE    71

..........................................................


THE DODGE CITY KS CLIMATE NORMALS FOR TODAY
                         NORMAL    RECORD    YEAR
 MAXIMUM TEMPERATURE (F)   68        93      2000
 MINIMUM TEMPERATURE (F)   41        20      1953


SUNRISE AND SUNSET
APRIL 18 2015.........SUNRISE   701 AM CDT   SUNSET   818 PM CDT
APRIL 19 2015.........SUNRISE   700 AM CDT   SUNSET   819 PM CDT


-  INDICATES NEGATIVE NUMBERS.
R  INDICATES RECORD WAS SET OR TIED.
MM INDICATES DATA IS MISSING.
T  INDICATES TRACE AMOUNT.




$$
