000
CDUS43 KDDC 201008
CLIDGC


CLIMATE REPORT
NATIONAL WEATHER SERVICE DODGE CITY KS
507 AM CDT MON APR 20 2015


...................................

...THE DODGE CITY KS CLIMATE SUMMARY FOR APRIL 19 2015...

CLIMATE NORMAL PERIOD 1981 TO 2010
CLIMATE RECORD PERIOD 1875 TO 2015


WEATHER ITEM   OBSERVED TIME   RECORD YEAR NORMAL DEPARTURE LAST
                VALUE   (LST)  VALUE       VALUE  FROM      YEAR
                                                  NORMAL
..................................................................
TEMPERATURE (F)
 YESTERDAY
  MAXIMUM         59    412 PM  92    1961  69    -10       80
  MINIMUM         36   1155 PM  24    2013  41     -5       52
                                      1953
  AVERAGE         48                        55     -7       66

PRECIPITATION (IN)
  YESTERDAY        0.01          0.88 1976   0.06  -0.05     0.00
  MONTH TO DATE    1.50                      1.07   0.43     0.46
  SINCE MAR 1      1.79                      2.66  -0.87     0.73
  SINCE JAN 1      3.09                      3.92  -0.83     1.57

SNOWFALL (IN)
  YESTERDAY        0.0           0.9  1941   0.0    0.0      0.0
  MONTH TO DATE    0.0                       1.0   -1.0      2.2
  SINCE MAR 1      T                         5.9   -5.9      6.6
  SINCE JUL 1     21.4                      21.0    0.4     31.1
  SNOW DEPTH       0

DEGREE DAYS
 HEATING
  YESTERDAY       17                        11      6        0
  MONTH TO DATE  154                       255   -101      274
  SINCE MAR 1    658                       895   -237     1026
  SINCE JUL 1   4406                      4742   -336     5183

 COOLING
  YESTERDAY        0                         1     -1        1
  MONTH TO DATE   12                         4      8        9
  SINCE MAR 1     12                         5      7        9
  SINCE JAN 1     12                         5      7        9
..................................................................


WIND (MPH)
  HIGHEST WIND SPEED    40   HIGHEST WIND DIRECTION     N (360)
  HIGHEST GUST SPEED    50   HIGHEST GUST DIRECTION     N (350)
  AVERAGE WIND SPEED    18.1


SKY COVER
  POSSIBLE SUNSHINE  MM
  AVERAGE SKY COVER 0.4


WEATHER CONDITIONS
 THE FOLLOWING WEATHER WAS RECORDED YESTERDAY.
  LIGHT RAIN
  FOG


RELATIVE HUMIDITY (PERCENT)
 HIGHEST    89           700 AM
 LOWEST     30           500 PM
 AVERAGE    60

..........................................................


THE DODGE CITY KS CLIMATE NORMALS FOR TODAY
                         NORMAL    RECORD    YEAR
 MAXIMUM TEMPERATURE (F)   69        92      1902
 MINIMUM TEMPERATURE (F)   42        25      1966
                                             1953


SUNRISE AND SUNSET
APRIL 20 2015.........SUNRISE   658 AM CDT   SUNSET   820 PM CDT
APRIL 21 2015.........SUNRISE   657 AM CDT   SUNSET   821 PM CDT


-  INDICATES NEGATIVE NUMBERS.
R  INDICATES RECORD WAS SET OR TIED.
MM INDICATES DATA IS MISSING.
T  INDICATES TRACE AMOUNT.




$$
