000
CDUS43 KDDC 142339
CLIDGC


CLIMATE REPORT
NATIONAL WEATHER SERVICE DODGE CITY KS
639 PM CDT TUE APR 14 2015


...................................

...THE DODGE CITY KS CLIMATE SUMMARY FOR APRIL 14 2015...
VALID TODAY AS OF 0500 PM LOCAL TIME.

CLIMATE NORMAL PERIOD 1981 TO 2010
CLIMATE RECORD PERIOD 1875 TO 2015


WEATHER ITEM   OBSERVED TIME   RECORD YEAR NORMAL DEPARTURE LAST
                VALUE   (LST)  VALUE       VALUE  FROM      YEAR
                                                  NORMAL
..................................................................
TEMPERATURE (F)
 TODAY
  MAXIMUM         69    425 PM  91    2003  67      2       47
                                      2002
  MINIMUM         41    525 AM  20    1928  40      1       28
  AVERAGE         55                        53      2       38

PRECIPITATION (IN)
  TODAY            0.00          1.29 1999   0.05  -0.05     0.11
  MONTH TO DATE    0.45                      0.78  -0.33     0.31
  SINCE MAR 1      0.74                      2.37  -1.63     0.58
  SINCE JAN 1      2.04                      3.63  -1.59     1.42

SNOWFALL (IN)
  TODAY            0.0           1.4  2014   0.1   -0.1      1.4
  MONTH TO DATE    0.0                       0.9   -0.9      2.2
  SINCE MAR 1      T                         5.8   -5.8      6.6
  SINCE JUL 1     21.4                      20.9    0.5     31.1
  SNOW DEPTH       0

DEGREE DAYS
 HEATING
  TODAY           10                        12     -2       27
  MONTH TO DATE  119                       198    -79      211
  SINCE MAR 1    623                       838   -215      963
  SINCE JUL 1   4371                      4685   -314     5120

 COOLING
  TODAY            0                         0      0        0
  MONTH TO DATE   12                         0     12        8
  SINCE MAR 1     12                         1     11        8
  SINCE JAN 1     12                         1     11        8
..................................................................


WIND (MPH)
  HIGHEST WIND SPEED    20   HIGHEST WIND DIRECTION    SE (130)
  HIGHEST GUST SPEED    24   HIGHEST GUST DIRECTION    SE (130)
  AVERAGE WIND SPEED     7.4


SKY COVER
  POSSIBLE SUNSHINE  MM
  AVERAGE SKY COVER 0.0


WEATHER CONDITIONS
 THE FOLLOWING WEATHER WAS RECORDED TODAY.
  NO SIGNIFICANT WEATHER WAS OBSERVED.


RELATIVE HUMIDITY (PERCENT)
 HIGHEST    70           600 AM
 LOWEST     20           500 PM
 AVERAGE    45

..........................................................


THE DODGE CITY KS CLIMATE NORMALS FOR TOMORROW
                         NORMAL    RECORD    YEAR
 MAXIMUM TEMPERATURE (F)   67        97      2002
 MINIMUM TEMPERATURE (F)   40        21      1905


SUNRISE AND SUNSET
APRIL 14 2015.........SUNRISE   706 AM CDT   SUNSET   814 PM CDT
APRIL 15 2015.........SUNRISE   705 AM CDT   SUNSET   815 PM CDT


-  INDICATES NEGATIVE NUMBERS.
R  INDICATES RECORD WAS SET OR TIED.
MM INDICATES DATA IS MISSING.
T  INDICATES TRACE AMOUNT.




$$
