000
CDUS43 KDDC 011009
CLIDGC


CLIMATE REPORT
NATIONAL WEATHER SERVICE DODGE CITY KS
508 AM CDT FRI MAY 1 2015


...................................

...THE DODGE CITY KS CLIMATE SUMMARY FOR APRIL 30 2015...

CLIMATE NORMAL PERIOD 1981 TO 2010
CLIMATE RECORD PERIOD 1875 TO 2015


WEATHER ITEM   OBSERVED TIME   RECORD YEAR NORMAL DEPARTURE LAST
                VALUE   (LST)  VALUE       VALUE  FROM      YEAR
                                                  NORMAL
..................................................................
TEMPERATURE (F)
 YESTERDAY
  MAXIMUM         79    326 PM  93    2008  72      7       58
  MINIMUM         43    534 AM  20    1907  46     -3       32
  AVERAGE         61                        59      2       45

PRECIPITATION (IN)
  YESTERDAY        0.00          4.64 1978   0.07  -0.07     0.00
  MONTH TO DATE    1.80                      1.82  -0.02     0.74
  SINCE MAR 1      2.09                      3.41  -1.32     1.01
  SINCE JAN 1      3.39                      4.67  -1.28     1.85

SNOWFALL (IN)
  YESTERDAY        0.0           T    1970   0.0    0.0      0.0
  MONTH TO DATE    0.0                       1.1   -1.1      2.2
  SINCE MAR 1      T                         6.0   -6.0      6.6
  SINCE JUL 1     21.4                      21.1    0.3     31.1
  SNOW DEPTH       0

DEGREE DAYS
 HEATING
  YESTERDAY        4                         7     -3       20
  MONTH TO DATE  257                       352    -95      346
  SINCE MAR 1    761                       992   -231     1098
  SINCE JUL 1   4509                      4839   -330     5255

 COOLING
  YESTERDAY        0                         1     -1        0
  MONTH TO DATE   15                        18     -3       23
  SINCE MAR 1     15                        19     -4       23
  SINCE JAN 1     15                        19     -4       23
..................................................................


WIND (MPH)
  HIGHEST WIND SPEED    22   HIGHEST WIND DIRECTION    SE (150)
  HIGHEST GUST SPEED    29   HIGHEST GUST DIRECTION     S (180)
  AVERAGE WIND SPEED    12.1


SKY COVER
  POSSIBLE SUNSHINE  MM
  AVERAGE SKY COVER 0.0


WEATHER CONDITIONS
 THE FOLLOWING WEATHER WAS RECORDED YESTERDAY.
  NO SIGNIFICANT WEATHER WAS OBSERVED.


RELATIVE HUMIDITY (PERCENT)
 HIGHEST    82           500 AM
 LOWEST     26           500 PM
 AVERAGE    54

..........................................................


THE DODGE CITY KS CLIMATE NORMALS FOR TODAY
                         NORMAL    RECORD    YEAR
 MAXIMUM TEMPERATURE (F)   73        98      1992
 MINIMUM TEMPERATURE (F)   46        19      1909


SUNRISE AND SUNSET
MAY  1 2015...........SUNRISE   644 AM CDT   SUNSET   830 PM CDT
MAY  2 2015...........SUNRISE   643 AM CDT   SUNSET   831 PM CDT


-  INDICATES NEGATIVE NUMBERS.
R  INDICATES RECORD WAS SET OR TIED.
MM INDICATES DATA IS MISSING.
T  INDICATES TRACE AMOUNT.




$$
