000
CDUS43 KDDC 211011
CLIDGC


CLIMATE REPORT
NATIONAL WEATHER SERVICE DODGE CITY KS
510 AM CDT TUE APR 21 2015


...................................

...THE DODGE CITY KS CLIMATE SUMMARY FOR APRIL 20 2015...

CLIMATE NORMAL PERIOD 1981 TO 2010
CLIMATE RECORD PERIOD 1875 TO 2015


WEATHER ITEM   OBSERVED TIME   RECORD YEAR NORMAL DEPARTURE LAST
                VALUE   (LST)  VALUE       VALUE  FROM      YEAR
                                                  NORMAL
..................................................................
TEMPERATURE (F)
 YESTERDAY
  MAXIMUM         62    520 PM  92    1902  69     -7       80
  MINIMUM         32    611 AM  25    1966  42    -10       52
                                      1953
  AVERAGE         47                        55     -8       66

PRECIPITATION (IN)
  YESTERDAY        T             1.44 1976   0.06  -0.06      T
  MONTH TO DATE    1.49                      1.13   0.36     0.46
  SINCE MAR 1      1.78                      2.72  -0.94     0.73
  SINCE JAN 1      3.08                      3.98  -0.90     1.57

SNOWFALL (IN)
  YESTERDAY        0.0           T    1931   0.0    0.0      0.0
                                      1907
  MONTH TO DATE    0.0                       1.0   -1.0      2.2
  SINCE MAR 1      T                         5.9   -5.9      6.6
  SINCE JUL 1     21.4                      21.0    0.4     31.1
  SNOW DEPTH       0

DEGREE DAYS
 HEATING
  YESTERDAY       18                        10      8        0
  MONTH TO DATE  172                       265    -93      274
  SINCE MAR 1    676                       905   -229     1026
  SINCE JUL 1   4424                      4752   -328     5183

 COOLING
  YESTERDAY        0                         1     -1        1
  MONTH TO DATE   12                         5      7       10
  SINCE MAR 1     12                         6      6       10
  SINCE JAN 1     12                         6      6       10
..................................................................


WIND (MPH)
  HIGHEST WIND SPEED    18   HIGHEST WIND DIRECTION     W (260)
  HIGHEST GUST SPEED    34   HIGHEST GUST DIRECTION     W (290)
  AVERAGE WIND SPEED     8.1


SKY COVER
  POSSIBLE SUNSHINE  MM
  AVERAGE SKY COVER 0.3


WEATHER CONDITIONS
 THE FOLLOWING WEATHER WAS RECORDED YESTERDAY.
  NO SIGNIFICANT WEATHER WAS OBSERVED.


RELATIVE HUMIDITY (PERCENT)
 HIGHEST    78           500 AM
 LOWEST     24           300 PM
 AVERAGE    51

..........................................................


THE DODGE CITY KS CLIMATE NORMALS FOR TODAY
                         NORMAL    RECORD    YEAR
 MAXIMUM TEMPERATURE (F)   69        93      1980
 MINIMUM TEMPERATURE (F)   42        25      1966
                                             1927


SUNRISE AND SUNSET
APRIL 21 2015.........SUNRISE   657 AM CDT   SUNSET   821 PM CDT
APRIL 22 2015.........SUNRISE   656 AM CDT   SUNSET   822 PM CDT


-  INDICATES NEGATIVE NUMBERS.
R  INDICATES RECORD WAS SET OR TIED.
MM INDICATES DATA IS MISSING.
T  INDICATES TRACE AMOUNT.




$$
