000
CDUS43 KDDC 111007
CLIDGC


CLIMATE REPORT
NATIONAL WEATHER SERVICE DODGE CITY KS
506 AM CDT SAT APR 11 2015


...................................

...THE DODGE CITY KS CLIMATE SUMMARY FOR APRIL 10 2015...

CLIMATE NORMAL PERIOD 1981 TO 2010
CLIMATE RECORD PERIOD 1875 TO 2015


WEATHER ITEM   OBSERVED TIME   RECORD YEAR NORMAL DEPARTURE LAST
                VALUE   (LST)  VALUE       VALUE  FROM      YEAR
                                                  NORMAL
..................................................................
TEMPERATURE (F)
 YESTERDAY
  MAXIMUM         68    454 PM  91    1896  66      2       69
  MINIMUM         27    421 AM  16    1973  38    -11       45
  AVERAGE         48                        52     -4       57

PRECIPITATION (IN)
  YESTERDAY        0.00          1.31 1900   0.05  -0.05     0.00
  MONTH TO DATE    0.01                      0.55  -0.54     0.09
  SINCE MAR 1      0.30                      2.14  -1.84     0.36
  SINCE JAN 1      1.60                      3.40  -1.80     1.20

SNOWFALL (IN)
  YESTERDAY        0.0           7.0  1900   0.0    0.0      0.0
  MONTH TO DATE    0.0                       0.7   -0.7      0.0
  SINCE MAR 1      T                         5.6   -5.6      4.4
  SINCE JUL 1     21.4                      20.7    0.7     28.9
  SNOW DEPTH       0

DEGREE DAYS
 HEATING
  YESTERDAY       17                        13      4        8
  MONTH TO DATE   92                       147    -55      166
  SINCE MAR 1    596                       787   -191      918
  SINCE JUL 1   4344                      4634   -290     5075

 COOLING
  YESTERDAY        0                         0      0        0
  MONTH TO DATE   10                         0     10        0
  SINCE MAR 1     10                         1      9        0
  SINCE JAN 1     10                         1      9        0
..................................................................


WIND (MPH)
  HIGHEST WIND SPEED    18   HIGHEST WIND DIRECTION    SE (140)
  HIGHEST GUST SPEED    23   HIGHEST GUST DIRECTION    SE (150)
  AVERAGE WIND SPEED     9.6


SKY COVER
  POSSIBLE SUNSHINE  MM
  AVERAGE SKY COVER 0.1


WEATHER CONDITIONS
 THE FOLLOWING WEATHER WAS RECORDED YESTERDAY.
  NO SIGNIFICANT WEATHER WAS OBSERVED.


RELATIVE HUMIDITY (PERCENT)
 HIGHEST    78           300 AM
 LOWEST     21           100 PM
 AVERAGE    50

..........................................................


THE DODGE CITY KS CLIMATE NORMALS FOR TODAY
                         NORMAL    RECORD    YEAR
 MAXIMUM TEMPERATURE (F)   66        90      1996
 MINIMUM TEMPERATURE (F)   38        16      2013


SUNRISE AND SUNSET
APRIL 11 2015.........SUNRISE   711 AM CDT   SUNSET   812 PM CDT
APRIL 12 2015.........SUNRISE   709 AM CDT   SUNSET   813 PM CDT


-  INDICATES NEGATIVE NUMBERS.
R  INDICATES RECORD WAS SET OR TIED.
MM INDICATES DATA IS MISSING.
T  INDICATES TRACE AMOUNT.




$$
