000
CDUS43 KDDC 312326
CLIDGC


CLIMATE REPORT
NATIONAL WEATHER SERVICE DODGE CITY KS
625 PM CDT TUE MAR 31 2015


...................................

...THE DODGE CITY KS CLIMATE SUMMARY FOR MARCH 31 2015...
VALID TODAY AS OF 0500 PM LOCAL TIME.

CLIMATE NORMAL PERIOD 1981 TO 2010
CLIMATE RECORD PERIOD 1875 TO 2015


WEATHER ITEM   OBSERVED TIME   RECORD YEAR NORMAL DEPARTURE LAST
                VALUE   (LST)  VALUE       VALUE  FROM      YEAR
                                                  NORMAL
..................................................................
TEMPERATURE (F)
 TODAY
  MAXIMUM         83    313 PM  93    1946  63     20       69
  MINIMUM         37    634 AM   6    1931  35      2       35
  AVERAGE         60                        49     11       52

PRECIPITATION (IN)
  TODAY            0.00          1.11 1876   0.06  -0.06     0.00
  MONTH TO DATE    0.29                      1.59  -1.30     0.27
  SINCE MAR 1      0.29                      1.59  -1.30     0.27
  SINCE JAN 1      1.59                      2.85  -1.26     1.11

SNOWFALL (IN)
  TODAY            0.0           4.1  1970   0.1   -0.1      0.0
  MONTH TO DATE    T                         4.9   -4.9      4.4
  SINCE MAR 1      T                         4.9   -4.9      4.4
  SINCE JUL 1     21.4                      20.0    1.4     28.9
  SNOW DEPTH       0

DEGREE DAYS
 HEATING
  TODAY            5                        16    -11       13
  MONTH TO DATE  504                       640   -136      752
  SINCE MAR 1    504                       640   -136      752
  SINCE JUL 1   4252                      4487   -235     4909

 COOLING
  TODAY            0                         0      0        0
  MONTH TO DATE    0                         1     -1        0
  SINCE MAR 1      0                         1     -1        0
  SINCE JAN 1      0                         1     -1        0
..................................................................


WIND (MPH)
  HIGHEST WIND SPEED    17   HIGHEST WIND DIRECTION    SE (130)
  HIGHEST GUST SPEED    24   HIGHEST GUST DIRECTION     S (170)
  AVERAGE WIND SPEED    10.0


SKY COVER
  POSSIBLE SUNSHINE  MM
  AVERAGE SKY COVER 0.0


WEATHER CONDITIONS
 THE FOLLOWING WEATHER WAS RECORDED TODAY.
  NO SIGNIFICANT WEATHER WAS OBSERVED.


RELATIVE HUMIDITY (PERCENT)
 HIGHEST    59           700 AM
 LOWEST     13           400 PM
 AVERAGE    36

..........................................................


THE DODGE CITY KS CLIMATE NORMALS FOR TOMORROW
                         NORMAL    RECORD    YEAR
 MAXIMUM TEMPERATURE (F)   63        89      2012
 MINIMUM TEMPERATURE (F)   35        14      1881


SUNRISE AND SUNSET
MARCH 31 2015.........SUNRISE   727 AM CDT   SUNSET   802 PM CDT
APRIL  1 2015.........SUNRISE   726 AM CDT   SUNSET   803 PM CDT


-  INDICATES NEGATIVE NUMBERS.
R  INDICATES RECORD WAS SET OR TIED.
MM INDICATES DATA IS MISSING.
T  INDICATES TRACE AMOUNT.




$$
