000
CDUS43 KDDC 051006
CLIDGC


CLIMATE REPORT
NATIONAL WEATHER SERVICE DODGE CITY KS
506 AM CDT TUE MAY 5 2015


...................................

...THE DODGE CITY KS CLIMATE SUMMARY FOR MAY 4 2015...

CLIMATE NORMAL PERIOD 1981 TO 2010
CLIMATE RECORD PERIOD 1875 TO 2015


WEATHER ITEM   OBSERVED TIME   RECORD YEAR NORMAL DEPARTURE LAST
                VALUE   (LST)  VALUE       VALUE  FROM      YEAR
                                                  NORMAL
..................................................................
TEMPERATURE (F)
 YESTERDAY
  MAXIMUM         84    345 PM  98    2014  73     11       98
  MINIMUM         59   1159 PM  27    2013  47     12       53
                                      1907
  AVERAGE         72                        60     12       76

PRECIPITATION (IN)
  YESTERDAY        0.51          2.23 2001   0.08   0.43     0.00
  MONTH TO DATE    0.52                      0.31   0.21     0.00
  SINCE MAR 1      2.61                      3.72  -1.11     1.01
  SINCE JAN 1      3.91                      4.98  -1.07     1.85

SNOWFALL (IN)
  YESTERDAY        0.0           0.3  1979   0.0    0.0      0.0
  MONTH TO DATE    0.0                       0.0    0.0      0.0
  SINCE MAR 1      T                         6.0   -6.0      6.6
  SINCE JUL 1     21.4                      21.1    0.3     31.1
  SNOW DEPTH       0

DEGREE DAYS
 HEATING
  YESTERDAY        0                         6     -6        0
  MONTH TO DATE    0                        26    -26       28
  SINCE MAR 1    761                      1018   -257     1126
  SINCE JUL 1   4509                      4865   -356     5283

 COOLING
  YESTERDAY        7                         1      6       11
  MONTH TO DATE   22                         4     18       15
  SINCE MAR 1     37                        23     14       38
  SINCE JAN 1     37                        23     14       38
..................................................................


WIND (MPH)
  HIGHEST WIND SPEED    33   HIGHEST WIND DIRECTION     S (170)
  HIGHEST GUST SPEED    42   HIGHEST GUST DIRECTION    SE (150)
  AVERAGE WIND SPEED    10.7


SKY COVER
  POSSIBLE SUNSHINE  MM
  AVERAGE SKY COVER 0.5


WEATHER CONDITIONS
 THE FOLLOWING WEATHER WAS RECORDED YESTERDAY.
  THUNDERSTORM
  HEAVY RAIN
  RAIN
  LIGHT RAIN
  FOG


RELATIVE HUMIDITY (PERCENT)
 HIGHEST    90           900 PM
 LOWEST     28           400 PM
 AVERAGE    59

..........................................................


THE DODGE CITY KS CLIMATE NORMALS FOR TODAY
                         NORMAL    RECORD    YEAR
 MAXIMUM TEMPERATURE (F)   74        95      1964
 MINIMUM TEMPERATURE (F)   48        32      2013
                                             1905


SUNRISE AND SUNSET
MAY  5 2015...........SUNRISE   640 AM CDT   SUNSET   834 PM CDT
MAY  6 2015...........SUNRISE   639 AM CDT   SUNSET   835 PM CDT


-  INDICATES NEGATIVE NUMBERS.
R  INDICATES RECORD WAS SET OR TIED.
MM INDICATES DATA IS MISSING.
T  INDICATES TRACE AMOUNT.




$$
