000
CDUS43 KDDC 212329
CLIDGC


CLIMATE REPORT
NATIONAL WEATHER SERVICE DODGE CITY KS
628 PM CDT TUE APR 21 2015


...................................

...THE DODGE CITY KS CLIMATE SUMMARY FOR APRIL 21 2015...
VALID TODAY AS OF 0500 PM LOCAL TIME.

CLIMATE NORMAL PERIOD 1981 TO 2010
CLIMATE RECORD PERIOD 1875 TO 2015


WEATHER ITEM   OBSERVED TIME   RECORD YEAR NORMAL DEPARTURE LAST
                VALUE   (LST)  VALUE       VALUE  FROM      YEAR
                                                  NORMAL
..................................................................
TEMPERATURE (F)
 TODAY
  MAXIMUM         76    453 PM  93    1980  69      7       75
  MINIMUM         44    607 AM  25    1966  42      2       47
                                      1927
  AVERAGE         60                        56      4       61

PRECIPITATION (IN)
  TODAY            T             1.46 1928   0.07  -0.07     0.00
  MONTH TO DATE    1.49                      1.20   0.29     0.46
  SINCE MAR 1      1.78                      2.79  -1.01     0.73
  SINCE JAN 1      3.08                      4.05  -0.97     1.57

SNOWFALL (IN)
  TODAY            0.0           T    1995   0.0    0.0      0.0
  MONTH TO DATE    0.0                       1.0   -1.0      2.2
  SINCE MAR 1      T                         5.9   -5.9      6.6
  SINCE JUL 1     21.4                      21.0    0.4     31.1
  SNOW DEPTH       0

DEGREE DAYS
 HEATING
  TODAY            5                        10     -5        4
  MONTH TO DATE  177                       275    -98      278
  SINCE MAR 1    681                       915   -234     1030
  SINCE JUL 1   4429                      4762   -333     5187

 COOLING
  TODAY            0                         1     -1        0
  MONTH TO DATE   12                         6      6       10
  SINCE MAR 1     12                         7      5       10
  SINCE JAN 1     12                         7      5       10
..................................................................


WIND (MPH)
  HIGHEST WIND SPEED    18   HIGHEST WIND DIRECTION    SW (240)
  HIGHEST GUST SPEED    22   HIGHEST GUST DIRECTION    SW (240)
  AVERAGE WIND SPEED     9.3


SKY COVER
  POSSIBLE SUNSHINE  MM
  AVERAGE SKY COVER 0.3


WEATHER CONDITIONS
 THE FOLLOWING WEATHER WAS RECORDED TODAY.
  LIGHT RAIN


RELATIVE HUMIDITY (PERCENT)
 HIGHEST    76           700 AM
 LOWEST     19           500 PM
 AVERAGE    48

..........................................................


THE DODGE CITY KS CLIMATE NORMALS FOR TOMORROW
                         NORMAL    RECORD    YEAR
 MAXIMUM TEMPERATURE (F)   70       100      1989
 MINIMUM TEMPERATURE (F)   43        26      1892


SUNRISE AND SUNSET
APRIL 21 2015.........SUNRISE   657 AM CDT   SUNSET   821 PM CDT
APRIL 22 2015.........SUNRISE   656 AM CDT   SUNSET   822 PM CDT


-  INDICATES NEGATIVE NUMBERS.
R  INDICATES RECORD WAS SET OR TIED.
MM INDICATES DATA IS MISSING.
T  INDICATES TRACE AMOUNT.




$$
