000
CDUS43 KDDC 052332
CLIDGC


CLIMATE REPORT
NATIONAL WEATHER SERVICE DODGE CITY KS
631 PM CDT TUE MAY 5 2015


...................................

...THE DODGE CITY KS CLIMATE SUMMARY FOR MAY 5 2015...
VALID TODAY AS OF 0500 PM LOCAL TIME.

CLIMATE NORMAL PERIOD 1981 TO 2010
CLIMATE RECORD PERIOD 1875 TO 2015


WEATHER ITEM   OBSERVED TIME   RECORD YEAR NORMAL DEPARTURE LAST
                VALUE   (LST)  VALUE       VALUE  FROM      YEAR
                                                  NORMAL
..................................................................
TEMPERATURE (F)
 TODAY
  MAXIMUM         63    104 PM  95    1964  74    -11       84
  MINIMUM         58    229 PM  32    2013  48     10       50
                                      1905
  AVERAGE         61                        61      0       67

PRECIPITATION (IN)
  TODAY            0.28          1.70 2008   0.08   0.20     0.00
  MONTH TO DATE    0.80                      0.39   0.41     0.00
  SINCE MAR 1      2.89                      3.80  -0.91     1.01
  SINCE JAN 1      4.19                      5.06  -0.87     1.85

SNOWFALL (IN)
  TODAY            0.0           0.7  1915   0.0    0.0      0.0
  MONTH TO DATE    0.0                       0.0    0.0      0.0
  SINCE MAR 1      T                         6.0   -6.0      6.6
  SINCE JUL 1     21.4                      21.1    0.3     31.1
  SNOW DEPTH       0

DEGREE DAYS
 HEATING
  TODAY            4                         6     -2        0
  MONTH TO DATE    4                        32    -28       28
  SINCE MAR 1    765                      1024   -259     1126
  SINCE JUL 1   4513                      4871   -358     5283

 COOLING
  TODAY            0                         2     -2        2
  MONTH TO DATE   22                         6     16       17
  SINCE MAR 1     37                        25     12       40
  SINCE JAN 1     37                        25     12       40
..................................................................


WIND (MPH)
  HIGHEST WIND SPEED    30   HIGHEST WIND DIRECTION    SE (150)
  HIGHEST GUST SPEED    37   HIGHEST GUST DIRECTION    SE (150)
  AVERAGE WIND SPEED    14.0


SKY COVER
  POSSIBLE SUNSHINE  MM
  AVERAGE SKY COVER 1.0


WEATHER CONDITIONS
 THE FOLLOWING WEATHER WAS RECORDED TODAY.
  RAIN
  LIGHT RAIN
  FOG
  HAZE


RELATIVE HUMIDITY (PERCENT)
 HIGHEST    93           100 AM
 LOWEST     78           100 PM
 AVERAGE    86

..........................................................


THE DODGE CITY KS CLIMATE NORMALS FOR TOMORROW
                         NORMAL    RECORD    YEAR
 MAXIMUM TEMPERATURE (F)   74        96      2014
                                             2004
 MINIMUM TEMPERATURE (F)   48        32      1944


SUNRISE AND SUNSET
MAY  5 2015...........SUNRISE   640 AM CDT   SUNSET   834 PM CDT
MAY  6 2015...........SUNRISE   639 AM CDT   SUNSET   835 PM CDT


-  INDICATES NEGATIVE NUMBERS.
R  INDICATES RECORD WAS SET OR TIED.
MM INDICATES DATA IS MISSING.
T  INDICATES TRACE AMOUNT.




$$
