000
CDUS43 KDDC 141006
CLIDGC


CLIMATE REPORT
NATIONAL WEATHER SERVICE DODGE CITY KS
505 AM CDT TUE APR 14 2015


...................................

...THE DODGE CITY KS CLIMATE SUMMARY FOR APRIL 13 2015...

CLIMATE NORMAL PERIOD 1981 TO 2010
CLIMATE RECORD PERIOD 1875 TO 2015


WEATHER ITEM   OBSERVED TIME   RECORD YEAR NORMAL DEPARTURE LAST
                VALUE   (LST)  VALUE       VALUE  FROM      YEAR
                                                  NORMAL
..................................................................
TEMPERATURE (F)
 YESTERDAY
  MAXIMUM         67    318 PM  92    2006  67      0       79
  MINIMUM         45    703 AM  13    1881  39      6       29
  AVERAGE         56                        53      3       54

PRECIPITATION (IN)
  YESTERDAY        0.00          1.65 1894   0.06  -0.06     0.11
  MONTH TO DATE    0.45                      0.73  -0.28     0.20
  SINCE MAR 1      0.74                      2.32  -1.58     0.47
  SINCE JAN 1      2.04                      3.58  -1.54     1.31

SNOWFALL (IN)
  YESTERDAY        0.0          10.5  2007   0.0    0.0      0.8
  MONTH TO DATE    0.0                       0.8   -0.8      0.8
  SINCE MAR 1      T                         5.7   -5.7      5.2
  SINCE JUL 1     21.4                      20.8    0.6     29.7
  SNOW DEPTH       0

DEGREE DAYS
 HEATING
  YESTERDAY        9                        13     -4       11
  MONTH TO DATE  109                       186    -77      184
  SINCE MAR 1    613                       826   -213      936
  SINCE JUL 1   4361                      4673   -312     5093

 COOLING
  YESTERDAY        0                         0      0        0
  MONTH TO DATE   12                         0     12        8
  SINCE MAR 1     12                         1     11        8
  SINCE JAN 1     12                         1     11        8
..................................................................


WIND (MPH)
  HIGHEST WIND SPEED    26   HIGHEST WIND DIRECTION    NE (40)
  HIGHEST GUST SPEED    34   HIGHEST GUST DIRECTION    NE (30)
  AVERAGE WIND SPEED    13.2


SKY COVER
  POSSIBLE SUNSHINE  MM
  AVERAGE SKY COVER 0.0


WEATHER CONDITIONS
 THE FOLLOWING WEATHER WAS RECORDED YESTERDAY.
  NO SIGNIFICANT WEATHER WAS OBSERVED.


RELATIVE HUMIDITY (PERCENT)
 HIGHEST    66           400 AM
 LOWEST     19           200 PM
 AVERAGE    43

..........................................................


THE DODGE CITY KS CLIMATE NORMALS FOR TODAY
                         NORMAL    RECORD    YEAR
 MAXIMUM TEMPERATURE (F)   67        91      2003
                                             2002
 MINIMUM TEMPERATURE (F)   40        20      1928


SUNRISE AND SUNSET
APRIL 14 2015.........SUNRISE   706 AM CDT   SUNSET   814 PM CDT
APRIL 15 2015.........SUNRISE   705 AM CDT   SUNSET   815 PM CDT


-  INDICATES NEGATIVE NUMBERS.
R  INDICATES RECORD WAS SET OR TIED.
MM INDICATES DATA IS MISSING.
T  INDICATES TRACE AMOUNT.




$$
