000
CDUS43 KDDC 131008
CLIDGC


CLIMATE REPORT
NATIONAL WEATHER SERVICE DODGE CITY KS
507 AM CDT MON APR 13 2015


...................................

...THE DODGE CITY KS CLIMATE SUMMARY FOR APRIL 12 2015...

CLIMATE NORMAL PERIOD 1981 TO 2010
CLIMATE RECORD PERIOD 1875 TO 2015


WEATHER ITEM   OBSERVED TIME   RECORD YEAR NORMAL DEPARTURE LAST
                VALUE   (LST)  VALUE       VALUE  FROM      YEAR
                                                  NORMAL
..................................................................
TEMPERATURE (F)
 YESTERDAY
  MAXIMUM         83    322 PM  90    2014  66     17       90
                                      1972
  MINIMUM         51    458 AM  14    1997  39     12       55
  AVERAGE         67                        53     14       73

PRECIPITATION (IN)
  YESTERDAY        T             2.86 1896   0.06  -0.06     0.00
  MONTH TO DATE    0.45                      0.67  -0.22     0.09
  SINCE MAR 1      0.74                      2.26  -1.52     0.36
  SINCE JAN 1      2.04                      3.52  -1.48     1.20

SNOWFALL (IN)
  YESTERDAY        0.0           2.9  2004   0.1   -0.1      0.0
  MONTH TO DATE    0.0                       0.8   -0.8      0.0
  SINCE MAR 1      T                         5.7   -5.7      4.4
  SINCE JUL 1     21.4                      20.8    0.6     28.9
  SNOW DEPTH       0

DEGREE DAYS
 HEATING
  YESTERDAY        0                        13    -13        0
  MONTH TO DATE  100                       173    -73      173
  SINCE MAR 1    604                       813   -209      925
  SINCE JUL 1   4352                      4660   -308     5082

 COOLING
  YESTERDAY        2                         0      2        8
  MONTH TO DATE   12                         0     12        8
  SINCE MAR 1     12                         1     11        8
  SINCE JAN 1     12                         1     11        8
..................................................................


WIND (MPH)
  HIGHEST WIND SPEED    30   HIGHEST WIND DIRECTION     N (10)
  HIGHEST GUST SPEED    37   HIGHEST GUST DIRECTION     N (10)
  AVERAGE WIND SPEED    14.8


SKY COVER
  POSSIBLE SUNSHINE  MM
  AVERAGE SKY COVER 0.4


WEATHER CONDITIONS
 THE FOLLOWING WEATHER WAS RECORDED YESTERDAY.
  THUNDERSTORM
  LIGHT RAIN
  FOG


RELATIVE HUMIDITY (PERCENT)
 HIGHEST    93           700 AM
 LOWEST     16           400 PM
 AVERAGE    55

..........................................................


THE DODGE CITY KS CLIMATE NORMALS FOR TODAY
                         NORMAL    RECORD    YEAR
 MAXIMUM TEMPERATURE (F)   67        92      2006
 MINIMUM TEMPERATURE (F)   39        13      1881


SUNRISE AND SUNSET
APRIL 13 2015.........SUNRISE   708 AM CDT   SUNSET   814 PM CDT
APRIL 14 2015.........SUNRISE   706 AM CDT   SUNSET   814 PM CDT


-  INDICATES NEGATIVE NUMBERS.
R  INDICATES RECORD WAS SET OR TIED.
MM INDICATES DATA IS MISSING.
T  INDICATES TRACE AMOUNT.




$$
