000
CDUS43 KDDC 191008
CLIDGC


CLIMATE REPORT
NATIONAL WEATHER SERVICE DODGE CITY KS
507 AM CDT SUN APR 19 2015


...................................

...THE DODGE CITY KS CLIMATE SUMMARY FOR APRIL 18 2015...

CLIMATE NORMAL PERIOD 1981 TO 2010
CLIMATE RECORD PERIOD 1875 TO 2015


WEATHER ITEM   OBSERVED TIME   RECORD YEAR NORMAL DEPARTURE LAST
                VALUE   (LST)  VALUE       VALUE  FROM      YEAR
                                                  NORMAL
..................................................................
TEMPERATURE (F)
 YESTERDAY
  MAXIMUM         72    324 PM  93    2000  68      4       71
  MINIMUM         49   1159 PM  20    1953  41      8       37
  AVERAGE         61                        55      6       54

PRECIPITATION (IN)
  YESTERDAY        T             2.13 1942   0.06  -0.06     0.00
  MONTH TO DATE    1.49                      1.01   0.48     0.46
  SINCE MAR 1      1.78                      2.60  -0.82     0.73
  SINCE JAN 1      3.08                      3.86  -0.78     1.57

SNOWFALL (IN)
  YESTERDAY        0.0           T    2013   0.1   -0.1      0.0
                                      1975
                                      1953
  MONTH TO DATE    0.0                       1.0   -1.0      2.2
  SINCE MAR 1      T                         5.9   -5.9      6.6
  SINCE JUL 1     21.4                      21.0    0.4     31.1
  SNOW DEPTH       0

DEGREE DAYS
 HEATING
  YESTERDAY        4                        11     -7       11
  MONTH TO DATE  137                       244   -107      274
  SINCE MAR 1    641                       884   -243     1026
  SINCE JUL 1   4389                      4731   -342     5183

 COOLING
  YESTERDAY        0                         1     -1        0
  MONTH TO DATE   12                         3      9        8
  SINCE MAR 1     12                         4      8        8
  SINCE JAN 1     12                         4      8        8
..................................................................


WIND (MPH)
  HIGHEST WIND SPEED    32   HIGHEST WIND DIRECTION     W (270)
  HIGHEST GUST SPEED    42   HIGHEST GUST DIRECTION     W (270)
  AVERAGE WIND SPEED     9.7


SKY COVER
  POSSIBLE SUNSHINE  MM
  AVERAGE SKY COVER 0.6


WEATHER CONDITIONS
 THE FOLLOWING WEATHER WAS RECORDED YESTERDAY.
  FOG
  FOG W/VISIBILITY <= 1/4 MILE
  HAZE


RELATIVE HUMIDITY (PERCENT)
 HIGHEST   100           400 AM
 LOWEST     28           200 PM
 AVERAGE    64

..........................................................


THE DODGE CITY KS CLIMATE NORMALS FOR TODAY
                         NORMAL    RECORD    YEAR
 MAXIMUM TEMPERATURE (F)   69        92      1961
 MINIMUM TEMPERATURE (F)   41        24      2013
                                             1953


SUNRISE AND SUNSET
APRIL 19 2015.........SUNRISE   700 AM CDT   SUNSET   819 PM CDT
APRIL 20 2015.........SUNRISE   658 AM CDT   SUNSET   820 PM CDT


-  INDICATES NEGATIVE NUMBERS.
R  INDICATES RECORD WAS SET OR TIED.
MM INDICATES DATA IS MISSING.
T  INDICATES TRACE AMOUNT.




$$
