000
CDUS43 KDDC 032326
CLIDGC


CLIMATE REPORT
NATIONAL WEATHER SERVICE DODGE CITY KS
626 PM CDT SUN MAY 3 2015


...................................

...THE DODGE CITY KS CLIMATE SUMMARY FOR MAY 3 2015...
VALID TODAY AS OF 0500 PM LOCAL TIME.

CLIMATE NORMAL PERIOD 1981 TO 2010
CLIMATE RECORD PERIOD 1875 TO 2015


WEATHER ITEM   OBSERVED TIME   RECORD YEAR NORMAL DEPARTURE LAST
                VALUE   (LST)  VALUE       VALUE  FROM      YEAR
                                                  NORMAL
..................................................................
TEMPERATURE (F)
 TODAY
  MAXIMUM         89    321 PM  91    2014  73     16       91
                                      1959
  MINIMUM         55    557 AM  25    2013  47      8       47
  AVERAGE         72                        60     12       69

PRECIPITATION (IN)
  TODAY            0.00          1.47 1990   0.08  -0.08     0.00
  MONTH TO DATE    T                         0.23  -0.23     0.00
  SINCE MAR 1      2.09                      3.64  -1.55     1.01
  SINCE JAN 1      3.39                      4.90  -1.51     1.85

SNOWFALL (IN)
  TODAY            0.0           0.9  1978   0.0    0.0      0.0
  MONTH TO DATE    0.0                       0.0    0.0      0.0
  SINCE MAR 1      T                         6.0   -6.0      6.6
  SINCE JUL 1     21.4                      21.1    0.3     31.1
  SNOW DEPTH       0

DEGREE DAYS
 HEATING
  TODAY            0                         6     -6        0
  MONTH TO DATE    0                        20    -20       28
  SINCE MAR 1    761                      1012   -251     1126
  SINCE JUL 1   4509                      4859   -350     5283

 COOLING
  TODAY            7                         1      6        4
  MONTH TO DATE   15                         3     12        4
  SINCE MAR 1     30                        22      8       27
  SINCE JAN 1     30                        22      8       27
..................................................................


WIND (MPH)
  HIGHEST WIND SPEED    17   HIGHEST WIND DIRECTION     S (180)
  HIGHEST GUST SPEED    24   HIGHEST GUST DIRECTION     S (170)
  AVERAGE WIND SPEED     7.8


SKY COVER
  POSSIBLE SUNSHINE  MM
  AVERAGE SKY COVER 0.0


WEATHER CONDITIONS
 THE FOLLOWING WEATHER WAS RECORDED TODAY.
  NO SIGNIFICANT WEATHER WAS OBSERVED.


RELATIVE HUMIDITY (PERCENT)
 HIGHEST    72           600 AM
 LOWEST     18           100 PM
 AVERAGE    45

..........................................................


THE DODGE CITY KS CLIMATE NORMALS FOR TOMORROW
                         NORMAL    RECORD    YEAR
 MAXIMUM TEMPERATURE (F)   73        98      2014
 MINIMUM TEMPERATURE (F)   47        27      2013
                                             1907


SUNRISE AND SUNSET
MAY  3 2015...........SUNRISE   642 AM CDT   SUNSET   832 PM CDT
MAY  4 2015...........SUNRISE   641 AM CDT   SUNSET   833 PM CDT


-  INDICATES NEGATIVE NUMBERS.
R  INDICATES RECORD WAS SET OR TIED.
MM INDICATES DATA IS MISSING.
T  INDICATES TRACE AMOUNT.




$$
