000
CDUS43 KDDC 251009
CLIDGC


CLIMATE REPORT
NATIONAL WEATHER SERVICE DODGE CITY KS
508 AM CDT SAT APR 25 2015


...................................

...THE DODGE CITY KS CLIMATE SUMMARY FOR APRIL 24 2015...

CLIMATE NORMAL PERIOD 1981 TO 2010
CLIMATE RECORD PERIOD 1875 TO 2015


WEATHER ITEM   OBSERVED TIME   RECORD YEAR NORMAL DEPARTURE LAST
                VALUE   (LST)  VALUE       VALUE  FROM      YEAR
                                                  NORMAL
..................................................................
TEMPERATURE (F)
 YESTERDAY
  MAXIMUM         83    241 PM  98    1989  70     13       70
  MINIMUM         53   1159 PM  23    2013  43     10       46
  AVERAGE         68                        57     11       58

PRECIPITATION (IN)
  YESTERDAY        0.17          1.13 1973   0.07   0.10     0.26
  MONTH TO DATE    1.66                      1.40   0.26     0.72
  SINCE MAR 1      1.95                      2.99  -1.04     0.99
  SINCE JAN 1      3.25                      4.25  -1.00     1.83

SNOWFALL (IN)
  YESTERDAY        0.0           1.0  1947   0.0    0.0      0.0
  MONTH TO DATE    0.0                       1.1   -1.1      2.2
  SINCE MAR 1      T                         6.0   -6.0      6.6
  SINCE JUL 1     21.4                      21.1    0.3     31.1
  SNOW DEPTH       0

DEGREE DAYS
 HEATING
  YESTERDAY        0                         9     -9        7
  MONTH TO DATE  199                       303   -104      290
  SINCE MAR 1    703                       943   -240     1042
  SINCE JUL 1   4451                      4790   -339     5199

 COOLING
  YESTERDAY        3                         1      2        0
  MONTH TO DATE   15                         9      6       15
  SINCE MAR 1     15                        10      5       15
  SINCE JAN 1     15                        10      5       15
..................................................................


WIND (MPH)
  HIGHEST WIND SPEED    29   HIGHEST WIND DIRECTION    NW (300)
  HIGHEST GUST SPEED    39   HIGHEST GUST DIRECTION     W (290)
  AVERAGE WIND SPEED    16.8


SKY COVER
  POSSIBLE SUNSHINE  MM
  AVERAGE SKY COVER 0.5


WEATHER CONDITIONS
 THE FOLLOWING WEATHER WAS RECORDED YESTERDAY.
  THUNDERSTORM
  RAIN
  LIGHT RAIN
  FOG


RELATIVE HUMIDITY (PERCENT)
 HIGHEST    93           600 AM
 LOWEST     23           300 PM
 AVERAGE    58

..........................................................


THE DODGE CITY KS CLIMATE NORMALS FOR TODAY
                         NORMAL    RECORD    YEAR
 MAXIMUM TEMPERATURE (F)   71        90      1989
 MINIMUM TEMPERATURE (F)   44        30      2006
                                             1950
                                             1918


SUNRISE AND SUNSET
APRIL 25 2015.........SUNRISE   652 AM CDT   SUNSET   825 PM CDT
APRIL 26 2015.........SUNRISE   650 AM CDT   SUNSET   825 PM CDT


-  INDICATES NEGATIVE NUMBERS.
R  INDICATES RECORD WAS SET OR TIED.
MM INDICATES DATA IS MISSING.
T  INDICATES TRACE AMOUNT.




$$
