000
CXUS53 KDDC 011348
CLMDGC


CLIMATE REPORT
NATIONAL WEATHER SERVICE DODGE CITY KS
848 AM CDT FRI MAY 1 2015

...................................

...THE DODGE CITY KS CLIMATE SUMMARY FOR THE MONTH OF APRIL 2015...

CLIMATE NORMAL PERIOD 1981 TO 2010
CLIMATE RECORD PERIOD 1875 TO 2015

WEATHER         OBSERVED          NORMAL  DEPART  LAST YEAR`S
                 VALUE   DATE(S)  VALUE   FROM    VALUE  DATE(S)
                                          NORMAL
................................................................
TEMPERATURE (F)
RECORD
 HIGH             100   04/22/1989
 LOW                9   04/02/1936
HIGHEST            89   04/06        68      21       90  04/26
                                                          04/12
LOWEST             27   04/10        41     -14       24  04/15
                                                          04/01
AVG. MAXIMUM     70.9              67.5     3.4     68.8
AVG. MINIMUM     42.6              40.2     2.4     39.4
MEAN             56.8              53.9     2.9     54.1
DAYS MAX >= 90      0               0.7    -0.7        2
DAYS MAX <= 32      0               0.0     0.0        0
DAYS MIN <= 32      4               5.1    -1.1        9
DAYS MIN <= 0       0               0.0     0.0        0

PRECIPITATION (INCHES)
RECORD
 MAXIMUM         6.26   1976
 MINIMUM         0.02   1909
TOTALS           1.80              1.82   -0.02     0.74
DAYS >= .01         7               7.1    -0.1        8
DAYS >= .10         5               4.0     1.0        4
DAYS >= .50         1               1.1    -0.1        0
DAYS >= 1.00        0               0.4    -0.4        0
GREATEST
 24 HR. TOTAL    0.87   04/16 TO 04/17           04/24 TO 04/24
                                                          04/14 TO 04/14
                                                          04/14 TO 04/14

SNOWFALL (INCHES)
RECORDS
 TOTAL           14.3   1938
 24 HR TOTAL      9.8   MM
 SNOW DEPTH         6   04/14/2007
TOTALS            0.0               1.1    -1.1      2.2
SINCE 7/1        21.4              21.1     0.3     31.1
SNOWDEPTH AVG.      0                MM      MM        0
DAYS >= 1.0         0               0.3    -0.3        1
GREATEST
 SNOW DEPTH         0   MM                             2  04/14
 24 HR TOTAL      0.0   04/30 TO 04/30           04/13 TO 04/14
                                                          04/14 TO 04/14
                                                          04/14 TO 04/14

DEGREE_DAYS
HEATING TOTAL     257               352     -95      346
 SINCE 7/1       4509              4839    -330     5255
COOLING TOTAL      15                18      -3       23
 SINCE 1/1         15                19      -4       23
.....................................................

WIND (MPH)
AVERAGE WIND SPEED              14.2
RESULTANT WIND SPEED/DIRECTION   3/124
HIGHEST WIND SPEED/DIRECTION    40/360    DATE  04/19
HIGHEST GUST SPEED/DIRECTION    51/010    DATE  04/03

SKY COVER
POSSIBLE SUNSHINE (PERCENT)   MM
AVERAGE SKY COVER           0.30
NUMBER OF DAYS FAIR           20
NUMBER OF DAYS PC              8
NUMBER OF DAYS CLOUDY          2


WEATHER CONDITIONS. NUMBER OF DAYS WITH
THUNDERSTORM              0     MIXED PRECIP               0
HEAVY RAIN                2     RAIN                       4
LIGHT RAIN               10     FREEZING RAIN              0
LT FREEZING RAIN          0     HAIL                       0
HEAVY SNOW                0     SNOW                       0
LIGHT SNOW                0     SLEET                      0
FOG                      15     FOG W/VIS <= 1/4 MILE      5
HAZE                      7

-  INDICATES NEGATIVE NUMBERS.
R  INDICATES RECORD WAS SET OR TIED.
MM INDICATES DATA IS MISSING.
T  INDICATES TRACE AMOUNT.

$$
