000
CDUS43 KGLD 160759
CLIGLD

CLIMATE REPORT
NATIONAL WEATHER SERVICE GOODLAND
154 AM MDT THU APR 16 2015

...................................

...THE GOODLAND KS CLIMATE SUMMARY FOR APRIL 15 2015...

CLIMATE NORMAL PERIOD 1981 TO 2010
CLIMATE RECORD PERIOD 1895 TO 2015

WEATHER ITEM   OBSERVED TIME   RECORD YEAR NORMAL DEPARTURE LAST
                VALUE   (LST)  VALUE       VALUE  FROM      YEAR
                                                  NORMAL
..................................................................
TEMPERATURE (F)
 YESTERDAY
  MAXIMUM         69    252 PM  92    2002  63      6       66
  MINIMUM         41    533 AM  20    1951  34      7       25
  AVERAGE         55                        49      6       46

PRECIPITATION (IN)
  YESTERDAY        0.55          1.16 1921   0.05   0.50     0.00
  MONTH TO DATE    1.17                      0.69   0.48     0.20
  SINCE MAR 1      1.28                      1.76  -0.48     0.62
  SINCE JAN 1      2.36                      2.63  -0.27     1.56

SNOWFALL (IN)
  YESTERDAY        0.0                       0.2   -0.2      0.0
  MONTH TO DATE    2.0                       2.8   -0.8      0.4
  SINCE MAR 1      2.6                       9.6   -7.0      3.9
  SINCE JUL 1     24.7                      33.6   -8.9     29.1
  SNOW DEPTH       0

DEGREE DAYS
 HEATING
  YESTERDAY       10                        16     -6       19
  MONTH TO DATE  201                       274    -73      273
  SINCE MAR 1    766                      1032   -266     1041
  SINCE JUL 1   4981                      5449   -468     5585

 COOLING
  YESTERDAY        0                         0      0        0
  MONTH TO DATE    0                         0      0        1
  SINCE MAR 1      0                         0      0        1
  SINCE JAN 1      0                         0      0        1
..................................................................

WIND (MPH)
  HIGHEST WIND SPEED    38   HIGHEST WIND DIRECTION     S (170)
  HIGHEST GUST SPEED    45   HIGHEST GUST DIRECTION     S (180)
  AVERAGE WIND SPEED    20.6

SKY COVER
  AVERAGE SKY COVER 0.3

WEATHER CONDITIONS
 THE FOLLOWING WEATHER WAS RECORDED YESTERDAY.
  THUNDERSTORM
  RAIN
  LIGHT RAIN
  FOG

RELATIVE HUMIDITY (PERCENT)
 HIGHEST    93
 LOWEST     42
 AVERAGE    68

..........................................................

THE GOODLAND KS CLIMATE NORMALS FOR TODAY
                         NORMAL    RECORD    YEAR
 MAXIMUM TEMPERATURE (F)   64        87      1964
 MINIMUM TEMPERATURE (F)   35        16      1951

SUNRISE AND SUNSET
APRIL 16 2015.........SUNRISE   609 AM MDT   SUNSET   725 PM MDT
APRIL 17 2015.........SUNRISE   607 AM MDT   SUNSET   726 PM MDT

-  INDICATES NEGATIVE NUMBERS.
R  INDICATES RECORD WAS SET OR TIED.
MM INDICATES DATA IS MISSING.
T  INDICATES TRACE AMOUNT.

&&

THE AVERAGE SOIL TEMPERATURE AT THE FOUR INCH DEPTH... 50

$$
