000
CDUS43 KGLD 140743
CLIGLD

CLIMATE REPORT
NATIONAL WEATHER SERVICE GOODLAND
141 AM MDT TUE APR 14 2015

...................................

...THE GOODLAND KS CLIMATE SUMMARY FOR APRIL 13 2015...

CLIMATE NORMAL PERIOD 1981 TO 2010
CLIMATE RECORD PERIOD 1895 TO 2015

WEATHER ITEM   OBSERVED TIME   RECORD YEAR NORMAL DEPARTURE LAST
                VALUE   (LST)  VALUE       VALUE  FROM      YEAR
                                                  NORMAL
..................................................................
TEMPERATURE (F)
 YESTERDAY
  MAXIMUM         64    232 PM  90    2006  63      1       54
  MINIMUM         28    436 AM  12    1997  34     -6       25
  AVERAGE         46                        48     -2       40

PRECIPITATION (IN)
  YESTERDAY        0.00          1.01 2010   0.05  -0.05     0.04
  MONTH TO DATE    0.62                      0.59   0.03     0.20
  SINCE MAR 1      0.73                      1.66  -0.93     0.62
  SINCE JAN 1      1.81                      2.53  -0.72     1.56

SNOWFALL (IN)
  YESTERDAY        0.0                       0.2   -0.2      0.4
  MONTH TO DATE    2.0                       2.5   -0.5      0.4
  SINCE MAR 1      2.6                       9.3   -6.7      3.9
  SINCE JUL 1     24.7                      33.3   -8.6     29.1
  SNOW DEPTH       0

DEGREE DAYS
 HEATING
  YESTERDAY       19                        17      2       25
  MONTH TO DATE  180                       241    -61      222
  SINCE MAR 1    745                       999   -254      990
  SINCE JUL 1   4960                      5416   -456     5534

 COOLING
  YESTERDAY        0                         0      0        0
  MONTH TO DATE    0                         0      0        1
  SINCE MAR 1      0                         0      0        1
  SINCE JAN 1      0                         0      0        1
..................................................................

WIND (MPH)
  HIGHEST WIND SPEED    17   HIGHEST WIND DIRECTION     S (180)
  HIGHEST GUST SPEED    22   HIGHEST GUST DIRECTION     S (180)
  AVERAGE WIND SPEED     7.8


SKY COVER
  AVERAGE SKY COVER 0.0


WEATHER CONDITIONS
 THE FOLLOWING WEATHER WAS RECORDED YESTERDAY.
  NO SIGNIFICANT WEATHER WAS OBSERVED.


RELATIVE HUMIDITY (PERCENT)
 HIGHEST    92
 LOWEST     19
 AVERAGE    56

..........................................................


THE GOODLAND KS CLIMATE NORMALS FOR TODAY
                         NORMAL    RECORD    YEAR
 MAXIMUM TEMPERATURE (F)   63        88      2003
 MINIMUM TEMPERATURE (F)   34        15      1928


SUNRISE AND SUNSET
APRIL 14 2015.........SUNRISE   612 AM MDT   SUNSET   723 PM MDT
APRIL 15 2015.........SUNRISE   610 AM MDT   SUNSET   724 PM MDT


-  INDICATES NEGATIVE NUMBERS.
R  INDICATES RECORD WAS SET OR TIED.
MM INDICATES DATA IS MISSING.
T  INDICATES TRACE AMOUNT.

&&

THE AVERAGE SOIL TEMPERATURE AT THE FOUR INCH DEPTH... 50

$$
