000
CDUS43 KGLD 220042
CLIGLD

CLIMATE REPORT
NATIONAL WEATHER SERVICE GOODLAND
638 PM MDT TUE APR 21 2015

...................................

...THE GOODLAND KS CLIMATE SUMMARY FOR APRIL 21 2015...
VALID TODAY AS OF 0600 PM LOCAL TIME.

CLIMATE NORMAL PERIOD 1981 TO 2010
CLIMATE RECORD PERIOD 1895 TO 2015

WEATHER ITEM   OBSERVED TIME   RECORD YEAR NORMAL DEPARTURE LAST
                VALUE   (LST)  VALUE       VALUE  FROM      YEAR
                                                  NORMAL
..................................................................
TEMPERATURE (F)
 TODAY
  MAXIMUM         71    213 PM  93    1989  65      6       71
  MINIMUM         35   1209 AM  20    1931  36     -1       42
                                      1907
  AVERAGE         53                        51      2       57

PRECIPITATION (IN)
  TODAY            0.00          0.75 1933   0.06  -0.06     0.00
  MONTH TO DATE    4.77                      1.02   3.75     0.20
  SINCE MAR 1      4.88                      2.09   2.79     0.62
  SINCE JAN 1      5.96                      2.96   3.00     1.56

SNOWFALL (IN)
  TODAY            0.0                       0.1   -0.1      0.0
  MONTH TO DATE    2.0                       3.5   -1.5      0.4
  SINCE MAR 1      2.6                      10.3   -7.7      3.9
  SINCE JUL 1     24.7                      34.3   -9.6     29.1
  SNOW DEPTH       0

DEGREE DAYS
 HEATING
  TODAY           12                        14     -2        8
  MONTH TO DATE  295                       365    -70      341
  SINCE MAR 1    860                      1123   -263     1109
  SINCE JUL 1   5075                      5540   -465     5653

 COOLING
  TODAY            0                         0      0        0
  MONTH TO DATE    0                         0      0        1
  SINCE MAR 1      0                         0      0        1
  SINCE JAN 1      0                         0      0        1
..................................................................

WIND (MPH)
  HIGHEST WIND SPEED    22   HIGHEST WIND DIRECTION    NW (300)
  HIGHEST GUST SPEED    25   HIGHEST GUST DIRECTION    NW (310)
  AVERAGE WIND SPEED     9.3


SKY COVER
  AVERAGE SKY COVER 0.1


WEATHER CONDITIONS
 THE FOLLOWING WEATHER WAS RECORDED TODAY.
  NO SIGNIFICANT WEATHER WAS OBSERVED.


RELATIVE HUMIDITY (PERCENT)
 HIGHEST    89           500 AM
 LOWEST     23           200 PM
 AVERAGE    56

..........................................................


THE GOODLAND KS CLIMATE NORMALS FOR TOMORROW
                         NORMAL    RECORD    YEAR
 MAXIMUM TEMPERATURE (F)   66        96      1989
 MINIMUM TEMPERATURE (F)   37        22      1982


SUNRISE AND SUNSET
APRIL 21 2015.........SUNRISE   601 AM MDT   SUNSET   730 PM MDT
APRIL 22 2015.........SUNRISE   600 AM MDT   SUNSET   731 PM MDT


-  INDICATES NEGATIVE NUMBERS.
R  INDICATES RECORD WAS SET OR TIED.
MM INDICATES DATA IS MISSING.
T  INDICATES TRACE AMOUNT.

&&

THE AVERAGE SOIL TEMPERATURE AT THE FOUR INCH DEPTH... 47

$$
