000
CDUS43 KGLD 110038
CLIGLD

CLIMATE REPORT
NATIONAL WEATHER SERVICE GOODLAND
637 PM MDT FRI APR 10 2015

...................................

...THE GOODLAND KS CLIMATE SUMMARY FOR APRIL 10 2015...
VALID TODAY AS OF 0600 PM LOCAL TIME.

CLIMATE NORMAL PERIOD 1981 TO 2010
CLIMATE RECORD PERIOD 1895 TO 2015

WEATHER ITEM   OBSERVED TIME   RECORD YEAR NORMAL DEPARTURE LAST
                VALUE   (LST)  VALUE       VALUE  FROM      YEAR
                                                  NORMAL
..................................................................
TEMPERATURE (F)
 TODAY
  MAXIMUM         65    334 PM  90    1907  62      3       65
  MINIMUM         28    523 AM   4    1989  33     -5       43
  AVERAGE         47                        47      0       54

PRECIPITATION (IN)
  TODAY            0.00          1.24 1944   0.05  -0.05     0.00
  MONTH TO DATE    0.62                      0.44   0.18     0.16
  SINCE MAR 1      0.73                      1.51  -0.78     0.58
  SINCE JAN 1      1.81                      2.38  -0.57     1.52

SNOWFALL (IN)
  TODAY            0.0                       0.1   -0.1      0.0
  MONTH TO DATE    2.0                       2.0    0.0       T
  SINCE MAR 1      2.6                       8.8   -6.2      3.5
  SINCE JUL 1     24.7                      32.8   -8.1     28.7
  SNOW DEPTH       0

DEGREE DAYS
 HEATING
  TODAY           18                        18      0       11
  MONTH TO DATE  142                       190    -48      191
  SINCE MAR 1    707                       948   -241      959
  SINCE JUL 1   4922                      5365   -443     5503

 COOLING
  TODAY            0                         0      0        0
  MONTH TO DATE    0                         0      0        0
  SINCE MAR 1      0                         0      0        0
  SINCE JAN 1      0                         0      0        0
..................................................................

WIND (MPH)
  HIGHEST WIND SPEED    24   HIGHEST WIND DIRECTION     S (160)
  HIGHEST GUST SPEED    36   HIGHEST GUST DIRECTION    SE (140)
  AVERAGE WIND SPEED    12.5

SKY COVER
  AVERAGE SKY COVER 0.2

WEATHER CONDITIONS
 THE FOLLOWING WEATHER WAS RECORDED TODAY.
  NO SIGNIFICANT WEATHER WAS OBSERVED.

RELATIVE HUMIDITY (PERCENT)
 HIGHEST    92           100 AM
 LOWEST     16          1200 PM
 AVERAGE    54

..........................................................

THE GOODLAND KS CLIMATE NORMALS FOR TOMORROW
                         NORMAL    RECORD    YEAR
 MAXIMUM TEMPERATURE (F)   62        87      1916
 MINIMUM TEMPERATURE (F)   33        11      1997

SUNRISE AND SUNSET
APRIL 10 2015.........SUNRISE   618 AM MDT   SUNSET   719 PM MDT
APRIL 11 2015.........SUNRISE   616 AM MDT   SUNSET   720 PM MDT

-  INDICATES NEGATIVE NUMBERS.
R  INDICATES RECORD WAS SET OR TIED.
MM INDICATES DATA IS MISSING.
T  INDICATES TRACE AMOUNT.

&&

THE AVERAGE SOIL TEMPERATURE AT THE FOUR INCH DEPTH... 47

$$
