000
CDUS43 KGLD 120805
CLIGLD

CLIMATE REPORT
NATIONAL WEATHER SERVICE GOODLAND
202 AM MDT SUN APR 12 2015

...................................

...THE GOODLAND KS CLIMATE SUMMARY FOR APRIL 11 2015...

CLIMATE NORMAL PERIOD 1981 TO 2010
CLIMATE RECORD PERIOD 1895 TO 2015

WEATHER ITEM   OBSERVED TIME   RECORD YEAR NORMAL DEPARTURE LAST
                VALUE   (LST)  VALUE       VALUE  FROM      YEAR
                                                  NORMAL
..................................................................
TEMPERATURE (F)
 YESTERDAY
  MAXIMUM         75    236 PM  87    1916  62     13       79
  MINIMUM         30    519 AM  11    1997  33     -3       39
  AVERAGE         53                        48      5       59

PRECIPITATION (IN)
  YESTERDAY        0.00          2.00 1922   0.05  -0.05     0.00
  MONTH TO DATE    0.62                      0.49   0.13     0.16
  SINCE MAR 1      0.73                      1.56  -0.83     0.58
  SINCE JAN 1      1.81                      2.43  -0.62     1.52

SNOWFALL (IN)
  YESTERDAY        0.0                       0.2   -0.2      0.0
  MONTH TO DATE    2.0                       2.2   -0.2       T
  SINCE MAR 1      2.6                       9.0   -6.4      3.5
  SINCE JUL 1     24.7                      33.0   -8.3     28.7
  SNOW DEPTH       0

DEGREE DAYS
 HEATING
  YESTERDAY       12                        17     -5        6
  MONTH TO DATE  154                       207    -53      197
  SINCE MAR 1    719                       965   -246      965
  SINCE JUL 1   4934                      5382   -448     5509

 COOLING
  YESTERDAY        0                         0      0        0
  MONTH TO DATE    0                         0      0        0
  SINCE MAR 1      0                         0      0        0
  SINCE JAN 1      0                         0      0        0
..................................................................

WIND (MPH)
  HIGHEST WIND SPEED    33   HIGHEST WIND DIRECTION     S (160)
  HIGHEST GUST SPEED    39   HIGHEST GUST DIRECTION     S (170)
  AVERAGE WIND SPEED    14.1


SKY COVER
  AVERAGE SKY COVER 0.0


WEATHER CONDITIONS
 THE FOLLOWING WEATHER WAS RECORDED YESTERDAY.
  NO SIGNIFICANT WEATHER WAS OBSERVED.


RELATIVE HUMIDITY (PERCENT)
 HIGHEST    89
 LOWEST     29
 AVERAGE    59

..........................................................


THE GOODLAND KS CLIMATE NORMALS FOR TODAY
                         NORMAL    RECORD    YEAR
 MAXIMUM TEMPERATURE (F)   63        82      2014
                                             2010
 MINIMUM TEMPERATURE (F)   33         5      1997


SUNRISE AND SUNSET
APRIL 12 2015.........SUNRISE   615 AM MDT   SUNSET   721 PM MDT
APRIL 13 2015.........SUNRISE   613 AM MDT   SUNSET   722 PM MDT


-  INDICATES NEGATIVE NUMBERS.
R  INDICATES RECORD WAS SET OR TIED.
MM INDICATES DATA IS MISSING.
T  INDICATES TRACE AMOUNT.

&&

THE AVERAGE SOIL TEMPERATURE AT THE FOUR INCH DEPTH... 47

$$
