000
CDUS43 KGLD 060745
CLIGLD

CLIMATE REPORT
NATIONAL WEATHER SERVICE GOODLAND
141 AM MDT WED MAY 6 2015

...................................

...THE GOODLAND KS CLIMATE SUMMARY FOR MAY 5 2015...

CLIMATE NORMAL PERIOD 1981 TO 2010
CLIMATE RECORD PERIOD 1895 TO 2015

WEATHER ITEM   OBSERVED TIME   RECORD YEAR NORMAL DEPARTURE LAST
                VALUE   (LST)  VALUE       VALUE  FROM      YEAR
                                                  NORMAL
..................................................................
TEMPERATURE (F)
 YESTERDAY
  MAXIMUM         60   1145 AM  94    1936  70    -10       79
  MINIMUM         50    146 AM  25    2013  42      8       41
                                      1944
  AVERAGE         55                        56     -1       60

PRECIPITATION (IN)
  YESTERDAY        0.50          1.11 1982   0.08   0.42     0.00
  MONTH TO DATE    0.56                      0.38   0.18     0.00
  SINCE MAR 1      5.51                      3.04   2.47     0.85
  SINCE JAN 1      6.59                      3.91   2.68     1.79

SNOWFALL (IN)
  YESTERDAY        0.0                       0.0    0.0      0.0
  MONTH TO DATE    0.0                       0.2   -0.2      0.0
  SINCE MAR 1      2.6                      11.2   -8.6      3.9
  SINCE JUL 1     24.7                      35.2  -10.5     29.1
  SNOW DEPTH       0

DEGREE DAYS
 HEATING
  YESTERDAY       10                        10      0        5
  MONTH TO DATE   19                        52    -33       40
  SINCE MAR 1    980                      1290   -310     1245
  SINCE JUL 1   5195                      5707   -512     5789

 COOLING
  YESTERDAY        0                         1     -1        0
  MONTH TO DATE    2                         3     -1        0
  SINCE MAR 1      2                         7     -5        5
  SINCE JAN 1      2                         7     -5        5
..................................................................

WIND (MPH)
  HIGHEST WIND SPEED    31   HIGHEST WIND DIRECTION    SE (130)
  HIGHEST GUST SPEED    41   HIGHEST GUST DIRECTION    SE (130)
  AVERAGE WIND SPEED    15.6

SKY COVER
  AVERAGE SKY COVER 0.9

WEATHER CONDITIONS
 THE FOLLOWING WEATHER WAS RECORDED YESTERDAY.
  RAIN
  LIGHT RAIN
  FOG
  FOG W/VISIBILITY <= 1/4 MILE

RELATIVE HUMIDITY (PERCENT)
 HIGHEST   100
 LOWEST     87
 AVERAGE    94

..........................................................

THE GOODLAND KS CLIMATE NORMALS FOR TODAY
                         NORMAL    RECORD    YEAR
 MAXIMUM TEMPERATURE (F)   70        95      1934
                                             1916
 MINIMUM TEMPERATURE (F)   42        28      1917

SUNRISE AND SUNSET
MAY  6 2015...........SUNRISE   542 AM MDT   SUNSET   745 PM MDT
MAY  7 2015...........SUNRISE   541 AM MDT   SUNSET   746 PM MDT

-  INDICATES NEGATIVE NUMBERS.
R  INDICATES RECORD WAS SET OR TIED.
MM INDICATES DATA IS MISSING.
T  INDICATES TRACE AMOUNT.

&&

THE AVERAGE SOIL TEMPERATURE AT THE FOUR INCH DEPTH... 61

$$
