000
CDUS43 KGLD 200749
CLIGLD

CLIMATE REPORT
NATIONAL WEATHER SERVICE GOODLAND
137 AM MDT MON APR 20 2015

...................................

...THE GOODLAND KS CLIMATE SUMMARY FOR APRIL 19 2015...

CLIMATE NORMAL PERIOD 1981 TO 2010
CLIMATE RECORD PERIOD 1895 TO 2015

WEATHER ITEM   OBSERVED TIME   RECORD YEAR NORMAL DEPARTURE LAST
                VALUE   (LST)  VALUE       VALUE  FROM      YEAR
                                                  NORMAL
..................................................................
TEMPERATURE (F)
 YESTERDAY
  MAXIMUM         52    304 PM  87    2001  65    -13       72
                                      1987
                                      1961
  MINIMUM         32   1116 PM  18    1953  36     -4       47
  AVERAGE         42                        50     -8       60

PRECIPITATION (IN)
  YESTERDAY        0.90          2.98 1981   0.06   0.84      T
  MONTH TO DATE    4.77                      0.90   3.87     0.20
  SINCE MAR 1      4.88                      1.97   2.91     0.62
  SINCE JAN 1      5.96                      2.84   3.12     1.56

SNOWFALL (IN)
  YESTERDAY        0.0                       0.2   -0.2      0.0
  MONTH TO DATE    2.0                       3.3   -1.3      0.4
  SINCE MAR 1      2.6                      10.1   -7.5      3.9
  SINCE JUL 1     24.7                      34.1   -9.4     29.1
  SNOW DEPTH       0

DEGREE DAYS
 HEATING
  YESTERDAY       23                        15      8        5
  MONTH TO DATE  262                       336    -74      327
  SINCE MAR 1    827                      1094   -267     1095
  SINCE JUL 1   5042                      5511   -469     5639

 COOLING
  YESTERDAY        0                         0      0        0
  MONTH TO DATE    0                         0      0        1
  SINCE MAR 1      0                         0      0        1
  SINCE JAN 1      0                         0      0        1
..................................................................

WIND (MPH)
  HIGHEST WIND SPEED    40   HIGHEST WIND DIRECTION     N (350)
  HIGHEST GUST SPEED    50   HIGHEST GUST DIRECTION     N (360)
  AVERAGE WIND SPEED    18.4

SKY COVER
  AVERAGE SKY COVER 0.7

WEATHER CONDITIONS
 THE FOLLOWING WEATHER WAS RECORDED YESTERDAY.
  HEAVY RAIN
  RAIN
  LIGHT RAIN
  FOG

RELATIVE HUMIDITY (PERCENT)
 HIGHEST   100
 LOWEST     36
 AVERAGE    68

..........................................................

THE GOODLAND KS CLIMATE NORMALS FOR TODAY
                         NORMAL    RECORD    YEAR
 MAXIMUM TEMPERATURE (F)   65        89      1962
 MINIMUM TEMPERATURE (F)   36        20      1953

SUNRISE AND SUNSET
APRIL 20 2015.........SUNRISE   603 AM MDT   SUNSET   729 PM MDT
APRIL 21 2015.........SUNRISE   601 AM MDT   SUNSET   730 PM MDT

-  INDICATES NEGATIVE NUMBERS.
R  INDICATES RECORD WAS SET OR TIED.
MM INDICATES DATA IS MISSING.
T  INDICATES TRACE AMOUNT.

&&

THE AVERAGE SOIL TEMPERATURE AT THE FOUR INCH DEPTH... 51

$$
