000
CDUS43 KGLD 100752
CLIGLD

CLIMATE REPORT
NATIONAL WEATHER SERVICE GOODLAND
144 AM MDT FRI APR 10 2015

...................................

...THE GOODLAND KS CLIMATE SUMMARY FOR APRIL 9 2015...

CLIMATE NORMAL PERIOD 1981 TO 2010
CLIMATE RECORD PERIOD 1895 TO 2015

WEATHER ITEM   OBSERVED TIME   RECORD YEAR NORMAL DEPARTURE LAST
                VALUE   (LST)  VALUE       VALUE  FROM      YEAR
                                                  NORMAL
..................................................................
TEMPERATURE (F)
 YESTERDAY
  MAXIMUM         45   1237 PM  90    1930  62    -17       84
  MINIMUM         28    829 PM   8    1989  32     -4       40
  AVERAGE         37                        47    -10       62

PRECIPITATION (IN)
  YESTERDAY        0.05          1.61 1994   0.05   0.00     0.00
  MONTH TO DATE    0.62                      0.39   0.23     0.16
  SINCE MAR 1      0.73                      1.46  -0.73     0.58
  SINCE JAN 1      1.81                      2.33  -0.52     1.52

SNOWFALL (IN)
  YESTERDAY        T                         0.2   -0.2      0.0
  MONTH TO DATE    2.0                       1.9    0.1       T
  SINCE MAR 1      2.6                       8.7   -6.1      3.5
  SINCE JUL 1     24.7                      32.7   -8.0     28.7
  SNOW DEPTH       0

DEGREE DAYS
 HEATING
  YESTERDAY       28                        18     10        3
  MONTH TO DATE  124                       172    -48      180
  SINCE MAR 1    689                       930   -241      948
  SINCE JUL 1   4904                      5347   -443     5492

 COOLING
  YESTERDAY        0                         0      0        0
  MONTH TO DATE    0                         0      0        0
  SINCE MAR 1      0                         0      0        0
  SINCE JAN 1      0                         0      0        0
..................................................................

WIND (MPH)
  HIGHEST WIND SPEED    38   HIGHEST WIND DIRECTION     N (350)
  HIGHEST GUST SPEED    47   HIGHEST GUST DIRECTION     N (350)
  AVERAGE WIND SPEED    17.8


SKY COVER
  AVERAGE SKY COVER 0.7


WEATHER CONDITIONS
 THE FOLLOWING WEATHER WAS RECORDED YESTERDAY.
  LIGHT RAIN
  LIGHT SNOW
  FOG


RELATIVE HUMIDITY (PERCENT)
 HIGHEST   100
 LOWEST     62
 AVERAGE    81

..........................................................


THE GOODLAND KS CLIMATE NORMALS FOR TODAY
                         NORMAL    RECORD    YEAR
 MAXIMUM TEMPERATURE (F)   62        90      1907
 MINIMUM TEMPERATURE (F)   33         4      1989


SUNRISE AND SUNSET
APRIL 10 2015.........SUNRISE   618 AM MDT   SUNSET   719 PM MDT
APRIL 11 2015.........SUNRISE   616 AM MDT   SUNSET   720 PM MDT


-  INDICATES NEGATIVE NUMBERS.
R  INDICATES RECORD WAS SET OR TIED.
MM INDICATES DATA IS MISSING.
T  INDICATES TRACE AMOUNT.

&&

THE AVERAGE SOIL TEMPERATURE AT THE FOUR INCH DEPTH... 52

$$
